{"id":187,"date":"2018-02-28T13:29:13","date_gmt":"2018-02-28T13:29:13","guid":{"rendered":"http:\/\/podlaskifestiwal.pl\/2025\/?page_id=187"},"modified":"2025-02-15T15:14:22","modified_gmt":"2025-02-15T15:14:22","slug":"rejestracja","status":"publish","type":"page","link":"https:\/\/podlaskifestiwal.pl\/2025\/rejestracja\/","title":{"rendered":"Rejestracja"},"content":{"rendered":"<p>&nbsp;<\/p>\n<p><strong>ZG\u0141O\u015a GRUP\u0118 NA WYBRANY DZIE\u0143 I GODZIN\u0118*&nbsp;<\/strong><\/p>\n<p style=\"margin-top: 0cm;background: white\"><span style=\"font-family: 'Open Sans',sans-serif;color: black\">W formularzu zg\u0142oszeniowym&nbsp;pojawi si\u0119 pro\u015bba o wskazanie nazwiska opiekuna oraz liczebno\u015bci grupy, a tak\u017ce daty i godziny, na kt\u00f3re planowane jest wej\u015bcie na wydarzenie festiwalowe. Ka\u017cda kolejna grupa powinna zosta\u0107 zg\u0142oszona odr\u0119bnie (ka\u017cda powinna mie\u0107 wskazanego opiekuna lub opiekun\u00f3w).<\/span><\/p>\n<p style=\"margin-top: 0cm;background: white\"><span style=\"font-family: 'Open Sans',sans-serif;color: black\">Po wys\u0142aniu formularza rejestracyjnego czekaj na wiadomo\u015b\u0107 e-mailow\u0105 z potwierdzeniem przyj\u0119cia zg\u0142oszenia.<\/span><\/p>\n<p style=\"margin-top: 0cm;background: white\"><span style=\"font-family: 'Open Sans',sans-serif;color: black\">Ze wzgl\u0119d\u00f3w porz\u0105dkowych oraz bezpiecze\u0144stwa zalecamy grupom zorganizowanym (m.in. szko\u0142y, przedszkola)&nbsp;wcze\u015bniejsze przybycie na wybrane wydarzenie. To pozwoli nam zadba\u0107 o w\u0142a\u015bciw\u0105 opiek\u0119 s\u0142u\u017cb informacyjnych w czasie Festiwalu oraz unikn\u0105\u0107 kolejek.&nbsp;<\/span><\/p>\n<p>&nbsp;<\/p>\n<p><em><span style=\"font-family: 'Open Sans',sans-serif;color: black\">*Dotyczy wst\u0119pu na festiwal grup zorganizowanych (szko\u0142y i przedszkola).<\/span><\/em><\/p>\n","protected":false},"excerpt":{"rendered":"<p>&nbsp; ZG\u0141O\u015a GRUP\u0118 NA WYBRANY DZIE\u0143 I GODZIN\u0118*&nbsp; W formularzu zg\u0142oszeniowym&nbsp;pojawi si\u0119 pro\u015bba o wskazanie nazwiska opiekuna oraz liczebno\u015bci grupy, a tak\u017ce daty i godziny, na kt\u00f3re planowane jest wej\u015bcie na wydarzenie festiwalowe. Ka\u017cda kolejna grupa powinna zosta\u0107 zg\u0142oszona odr\u0119bnie (ka\u017cda powinna mie\u0107 wskazanego opiekuna lub opiekun\u00f3w). Po wys\u0142aniu formularza rejestracyjnego czekaj na wiadomo\u015b\u0107 e-mailow\u0105 [&hellip;]<\/p>\n","protected":false},"author":2,"featured_media":0,"parent":0,"menu_order":2,"comment_status":"closed","ping_status":"closed","template":"page-boxs.php","meta":{"ngg_post_thumbnail":0,"footnotes":""},"class_list":["post-187","page","type-page","status-publish","hentry"],"yoast_head":"<!-- This site is optimized with the Yoast SEO plugin v27.1.1 - https:\/\/yoast.com\/product\/yoast-seo-wordpress\/ -->\n<title>Rejestracja - XX Podlaski Festiwal Nauki i Sztuki 2025<\/title>\n<meta name=\"robots\" content=\"index, follow, max-snippet:-1, max-image-preview:large, max-video-preview:-1\" \/>\n<link rel=\"canonical\" href=\"https:\/\/podlaskifestiwal.pl\/2025\/rejestracja\/\" \/>\n<meta property=\"og:locale\" content=\"pl_PL\" \/>\n<meta property=\"og:type\" content=\"article\" \/>\n<meta property=\"og:title\" content=\"Rejestracja - XX Podlaski Festiwal Nauki i Sztuki 2025\" \/>\n<meta property=\"og:description\" content=\"&nbsp; ZG\u0141O\u015a GRUP\u0118 NA WYBRANY DZIE\u0143 I GODZIN\u0118*&nbsp; W formularzu zg\u0142oszeniowym&nbsp;pojawi si\u0119 pro\u015bba o wskazanie nazwiska opiekuna oraz liczebno\u015bci grupy, a tak\u017ce daty i godziny, na kt\u00f3re planowane jest wej\u015bcie na wydarzenie festiwalowe. Ka\u017cda kolejna grupa powinna zosta\u0107 zg\u0142oszona odr\u0119bnie (ka\u017cda powinna mie\u0107 wskazanego opiekuna lub opiekun\u00f3w). Po wys\u0142aniu formularza rejestracyjnego czekaj na wiadomo\u015b\u0107 e-mailow\u0105 [&hellip;]\" \/>\n<meta property=\"og:url\" content=\"https:\/\/podlaskifestiwal.pl\/2025\/rejestracja\/\" \/>\n<meta property=\"og:site_name\" content=\"XX Podlaski Festiwal Nauki i Sztuki 2025\" \/>\n<meta property=\"article:modified_time\" content=\"2025-02-15T15:14:22+00:00\" \/>\n<meta name=\"twitter:card\" content=\"summary_large_image\" \/>\n<meta name=\"twitter:label1\" content=\"Szacowany czas czytania\" \/>\n\t<meta name=\"twitter:data1\" content=\"1 minuta\" \/>\n<script type=\"application\/ld+json\" class=\"yoast-schema-graph\">{\"@context\":\"https:\/\/schema.org\",\"@graph\":[{\"@type\":\"WebPage\",\"@id\":\"https:\/\/podlaskifestiwal.pl\/2025\/rejestracja\/\",\"url\":\"https:\/\/podlaskifestiwal.pl\/2025\/rejestracja\/\",\"name\":\"Rejestracja - XX Podlaski Festiwal Nauki i Sztuki 2025\",\"isPartOf\":{\"@id\":\"https:\/\/podlaskifestiwal.pl\/2025\/#website\"},\"datePublished\":\"2018-02-28T13:29:13+00:00\",\"dateModified\":\"2025-02-15T15:14:22+00:00\",\"breadcrumb\":{\"@id\":\"https:\/\/podlaskifestiwal.pl\/2025\/rejestracja\/#breadcrumb\"},\"inLanguage\":\"pl-PL\",\"potentialAction\":[{\"@type\":\"ReadAction\",\"target\":[\"https:\/\/podlaskifestiwal.pl\/2025\/rejestracja\/\"]}]},{\"@type\":\"BreadcrumbList\",\"@id\":\"https:\/\/podlaskifestiwal.pl\/2025\/rejestracja\/#breadcrumb\",\"itemListElement\":[{\"@type\":\"ListItem\",\"position\":1,\"name\":\"Strona g\u0142\u00f3wna\",\"item\":\"https:\/\/podlaskifestiwal.pl\/2025\/\"},{\"@type\":\"ListItem\",\"position\":2,\"name\":\"Rejestracja\"}]},{\"@type\":\"WebSite\",\"@id\":\"https:\/\/podlaskifestiwal.pl\/2025\/#website\",\"url\":\"https:\/\/podlaskifestiwal.pl\/2025\/\",\"name\":\"XXI Podlaski Festiwal Nauki i Sztuki\",\"description\":\"XXI Podlaski Festiwal Nauki i Sztuki\",\"publisher\":{\"@id\":\"https:\/\/podlaskifestiwal.pl\/2025\/#organization\"},\"potentialAction\":[{\"@type\":\"SearchAction\",\"target\":{\"@type\":\"EntryPoint\",\"urlTemplate\":\"https:\/\/podlaskifestiwal.pl\/2025\/?s={search_term_string}\"},\"query-input\":{\"@type\":\"PropertyValueSpecification\",\"valueRequired\":true,\"valueName\":\"search_term_string\"}}],\"inLanguage\":\"pl-PL\"},{\"@type\":\"Organization\",\"@id\":\"https:\/\/podlaskifestiwal.pl\/2025\/#organization\",\"name\":\"XXI Podlaski Festiwal Nauki i Sztuki\",\"url\":\"https:\/\/podlaskifestiwal.pl\/2025\/\",\"logo\":{\"@type\":\"ImageObject\",\"inLanguage\":\"pl-PL\",\"@id\":\"https:\/\/podlaskifestiwal.pl\/2025\/#\/schema\/logo\/image\/\",\"url\":\"https:\/\/podlaskifestiwal.pl\/2025\/wp-content\/uploads\/sites\/7\/2025\/04\/Baner-Fleming-1.png\",\"contentUrl\":\"https:\/\/podlaskifestiwal.pl\/2025\/wp-content\/uploads\/sites\/7\/2025\/04\/Baner-Fleming-1.png\",\"width\":2400,\"height\":800,\"caption\":\"XXI Podlaski Festiwal Nauki i Sztuki\"},\"image\":{\"@id\":\"https:\/\/podlaskifestiwal.pl\/2025\/#\/schema\/logo\/image\/\"}}]}<\/script>\n<!-- \/ Yoast SEO plugin. -->","yoast_head_json":{"title":"Rejestracja - XX Podlaski Festiwal Nauki i Sztuki 2025","robots":{"index":"index","follow":"follow","max-snippet":"max-snippet:-1","max-image-preview":"max-image-preview:large","max-video-preview":"max-video-preview:-1"},"canonical":"https:\/\/podlaskifestiwal.pl\/2025\/rejestracja\/","og_locale":"pl_PL","og_type":"article","og_title":"Rejestracja - XX Podlaski Festiwal Nauki i Sztuki 2025","og_description":"&nbsp; ZG\u0141O\u015a GRUP\u0118 NA WYBRANY DZIE\u0143 I GODZIN\u0118*&nbsp; W formularzu zg\u0142oszeniowym&nbsp;pojawi si\u0119 pro\u015bba o wskazanie nazwiska opiekuna oraz liczebno\u015bci grupy, a tak\u017ce daty i godziny, na kt\u00f3re planowane jest wej\u015bcie na wydarzenie festiwalowe. Ka\u017cda kolejna grupa powinna zosta\u0107 zg\u0142oszona odr\u0119bnie (ka\u017cda powinna mie\u0107 wskazanego opiekuna lub opiekun\u00f3w). Po wys\u0142aniu formularza rejestracyjnego czekaj na wiadomo\u015b\u0107 e-mailow\u0105 [&hellip;]","og_url":"https:\/\/podlaskifestiwal.pl\/2025\/rejestracja\/","og_site_name":"XX Podlaski Festiwal Nauki i Sztuki 2025","article_modified_time":"2025-02-15T15:14:22+00:00","twitter_card":"summary_large_image","twitter_misc":{"Szacowany czas czytania":"1 minuta"},"schema":{"@context":"https:\/\/schema.org","@graph":[{"@type":"WebPage","@id":"https:\/\/podlaskifestiwal.pl\/2025\/rejestracja\/","url":"https:\/\/podlaskifestiwal.pl\/2025\/rejestracja\/","name":"Rejestracja - XX Podlaski Festiwal Nauki i Sztuki 2025","isPartOf":{"@id":"https:\/\/podlaskifestiwal.pl\/2025\/#website"},"datePublished":"2018-02-28T13:29:13+00:00","dateModified":"2025-02-15T15:14:22+00:00","breadcrumb":{"@id":"https:\/\/podlaskifestiwal.pl\/2025\/rejestracja\/#breadcrumb"},"inLanguage":"pl-PL","potentialAction":[{"@type":"ReadAction","target":["https:\/\/podlaskifestiwal.pl\/2025\/rejestracja\/"]}]},{"@type":"BreadcrumbList","@id":"https:\/\/podlaskifestiwal.pl\/2025\/rejestracja\/#breadcrumb","itemListElement":[{"@type":"ListItem","position":1,"name":"Strona g\u0142\u00f3wna","item":"https:\/\/podlaskifestiwal.pl\/2025\/"},{"@type":"ListItem","position":2,"name":"Rejestracja"}]},{"@type":"WebSite","@id":"https:\/\/podlaskifestiwal.pl\/2025\/#website","url":"https:\/\/podlaskifestiwal.pl\/2025\/","name":"XXI Podlaski Festiwal Nauki i Sztuki","description":"XXI Podlaski Festiwal Nauki i Sztuki","publisher":{"@id":"https:\/\/podlaskifestiwal.pl\/2025\/#organization"},"potentialAction":[{"@type":"SearchAction","target":{"@type":"EntryPoint","urlTemplate":"https:\/\/podlaskifestiwal.pl\/2025\/?s={search_term_string}"},"query-input":{"@type":"PropertyValueSpecification","valueRequired":true,"valueName":"search_term_string"}}],"inLanguage":"pl-PL"},{"@type":"Organization","@id":"https:\/\/podlaskifestiwal.pl\/2025\/#organization","name":"XXI Podlaski Festiwal Nauki i Sztuki","url":"https:\/\/podlaskifestiwal.pl\/2025\/","logo":{"@type":"ImageObject","inLanguage":"pl-PL","@id":"https:\/\/podlaskifestiwal.pl\/2025\/#\/schema\/logo\/image\/","url":"https:\/\/podlaskifestiwal.pl\/2025\/wp-content\/uploads\/sites\/7\/2025\/04\/Baner-Fleming-1.png","contentUrl":"https:\/\/podlaskifestiwal.pl\/2025\/wp-content\/uploads\/sites\/7\/2025\/04\/Baner-Fleming-1.png","width":2400,"height":800,"caption":"XXI Podlaski Festiwal Nauki i Sztuki"},"image":{"@id":"https:\/\/podlaskifestiwal.pl\/2025\/#\/schema\/logo\/image\/"}}]}},"_links":{"self":[{"href":"https:\/\/podlaskifestiwal.pl\/2025\/wp-json\/wp\/v2\/pages\/187","targetHints":{"allow":["GET"]}}],"collection":[{"href":"https:\/\/podlaskifestiwal.pl\/2025\/wp-json\/wp\/v2\/pages"}],"about":[{"href":"https:\/\/podlaskifestiwal.pl\/2025\/wp-json\/wp\/v2\/types\/page"}],"author":[{"embeddable":true,"href":"https:\/\/podlaskifestiwal.pl\/2025\/wp-json\/wp\/v2\/users\/2"}],"replies":[{"embeddable":true,"href":"https:\/\/podlaskifestiwal.pl\/2025\/wp-json\/wp\/v2\/comments?post=187"}],"version-history":[{"count":62,"href":"https:\/\/podlaskifestiwal.pl\/2025\/wp-json\/wp\/v2\/pages\/187\/revisions"}],"predecessor-version":[{"id":11047,"href":"https:\/\/podlaskifestiwal.pl\/2025\/wp-json\/wp\/v2\/pages\/187\/revisions\/11047"}],"wp:attachment":[{"href":"https:\/\/podlaskifestiwal.pl\/2025\/wp-json\/wp\/v2\/media?parent=187"}],"curies":[{"name":"wp","href":"https:\/\/api.w.org\/{rel}","templated":true}]}}

<p>&nbsp;</p>
<p><strong>ZGŁOŚ GRUPĘ NA WYBRANY DZIEŃ I GODZINĘ*&nbsp;</strong></p>
<p style="margin-top: 0cm;background: white"><span style="font-family: 'Open Sans',sans-serif;color: black">W formularzu zgłoszeniowym&nbsp;pojawi się prośba o wskazanie nazwiska opiekuna oraz liczebności grupy, a także daty i godziny, na które planowane jest wejście na wydarzenie festiwalowe. Każda kolejna grupa powinna zostać zgłoszona odrębnie (każda powinna mieć wskazanego opiekuna lub opiekunów).</span></p>
<p style="margin-top: 0cm;background: white"><span style="font-family: 'Open Sans',sans-serif;color: black">Po wysłaniu formularza rejestracyjnego czekaj na wiadomość e-mailową z potwierdzeniem przyjęcia zgłoszenia.</span></p>
<p style="margin-top: 0cm;background: white"><span style="font-family: 'Open Sans',sans-serif;color: black">Ze względów porządkowych oraz bezpieczeństwa zalecamy grupom zorganizowanym (m.in. szkoły, przedszkola)&nbsp;wcześniejsze przybycie na wybrane wydarzenie. To pozwoli nam zadbać o właściwą opiekę służb informacyjnych w czasie Festiwalu oraz uniknąć kolejek.&nbsp;</span></p>
<p>&nbsp;</p>
<p><em><span style="font-family: 'Open Sans',sans-serif;color: black">*Dotyczy wstępu na festiwal grup zorganizowanych (szkoły i przedszkola).</span></em></p>

<p>&nbsp; ZGŁOŚ GRUPĘ NA WYBRANY DZIEŃ I GODZINĘ*&nbsp; W formularzu zgłoszeniowym&nbsp;pojawi się prośba o wskazanie nazwiska opiekuna oraz liczebności grupy, a także daty i godziny, na które planowane jest wejście na wydarzenie festiwalowe. Każda kolejna grupa powinna zostać zgłoszona odrębnie (każda powinna mieć wskazanego opiekuna lub opiekunów). Po wysłaniu formularza rejestracyjnego czekaj na wiadomość e-mailową [&hellip;]</p>

<!-- This site is optimized with the Yoast SEO plugin v27.1.1 - https://yoast.com/product/yoast-seo-wordpress/ -->
<title>Rejestracja - XX Podlaski Festiwal Nauki i Sztuki 2025</title>
<meta name="robots" content="index, follow, max-snippet:-1, max-image-preview:large, max-video-preview:-1" />
<link rel="canonical" href="https://podlaskifestiwal.pl/2025/rejestracja/" />
<meta property="og:locale" content="pl_PL" />
<meta property="og:type" content="article" />
<meta property="og:title" content="Rejestracja - XX Podlaski Festiwal Nauki i Sztuki 2025" />
<meta property="og:description" content="&nbsp; ZGŁOŚ GRUPĘ NA WYBRANY DZIEŃ I GODZINĘ*&nbsp; W formularzu zgłoszeniowym&nbsp;pojawi się prośba o wskazanie nazwiska opiekuna oraz liczebności grupy, a także daty i godziny, na które planowane jest wejście na wydarzenie festiwalowe. Każda kolejna grupa powinna zostać zgłoszona odrębnie (każda powinna mieć wskazanego opiekuna lub opiekunów). Po wysłaniu formularza rejestracyjnego czekaj na wiadomość e-mailową [&hellip;]" />
<meta property="og:url" content="https://podlaskifestiwal.pl/2025/rejestracja/" />
<meta property="og:site_name" content="XX Podlaski Festiwal Nauki i Sztuki 2025" />
<meta property="article:modified_time" content="2025-02-15T15:14:22+00:00" />
<meta name="twitter:card" content="summary_large_image" />
<meta name="twitter:label1" content="Szacowany czas czytania" />
	<meta name="twitter:data1" content="1 minuta" />
<script type="application/ld+json" class="yoast-schema-graph">{"@context":"https://schema.org","@graph":[{"@type":"WebPage","@id":"https://podlaskifestiwal.pl/2025/rejestracja/","url":"https://podlaskifestiwal.pl/2025/rejestracja/","name":"Rejestracja - XX Podlaski Festiwal Nauki i Sztuki 2025","isPartOf":{"@id":"https://podlaskifestiwal.pl/2025/#website"},"datePublished":"2018-02-28T13:29:13+00:00","dateModified":"2025-02-15T15:14:22+00:00","breadcrumb":{"@id":"https://podlaskifestiwal.pl/2025/rejestracja/#breadcrumb"},"inLanguage":"pl-PL","potentialAction":[{"@type":"ReadAction","target":["https://podlaskifestiwal.pl/2025/rejestracja/"]}]},{"@type":"BreadcrumbList","@id":"https://podlaskifestiwal.pl/2025/rejestracja/#breadcrumb","itemListElement":[{"@type":"ListItem","position":1,"name":"Strona główna","item":"https://podlaskifestiwal.pl/2025/"},{"@type":"ListItem","position":2,"name":"Rejestracja"}]},{"@type":"WebSite","@id":"https://podlaskifestiwal.pl/2025/#website","url":"https://podlaskifestiwal.pl/2025/","name":"XXI Podlaski Festiwal Nauki i Sztuki","description":"XXI Podlaski Festiwal Nauki i Sztuki","publisher":{"@id":"https://podlaskifestiwal.pl/2025/#organization"},"potentialAction":[{"@type":"SearchAction","target":{"@type":"EntryPoint","urlTemplate":"https://podlaskifestiwal.pl/2025/?s={search_term_string}"},"query-input":{"@type":"PropertyValueSpecification","valueRequired":true,"valueName":"search_term_string"}}],"inLanguage":"pl-PL"},{"@type":"Organization","@id":"https://podlaskifestiwal.pl/2025/#organization","name":"XXI Podlaski Festiwal Nauki i Sztuki","url":"https://podlaskifestiwal.pl/2025/","logo":{"@type":"ImageObject","inLanguage":"pl-PL","@id":"https://podlaskifestiwal.pl/2025/#/schema/logo/image/","url":"https://podlaskifestiwal.pl/2025/wp-content/uploads/sites/7/2025/04/Baner-Fleming-1.png","contentUrl":"https://podlaskifestiwal.pl/2025/wp-content/uploads/sites/7/2025/04/Baner-Fleming-1.png","width":2400,"height":800,"caption":"XXI Podlaski Festiwal Nauki i Sztuki"},"image":{"@id":"https://podlaskifestiwal.pl/2025/#/schema/logo/image/"}}]}</script>
<!-- / Yoast SEO plugin. -->

&nbsp; ZGŁOŚ GRUPĘ NA WYBRANY DZIEŃ I GODZINĘ*&nbsp; W formularzu zgłoszeniowym&nbsp;pojawi się prośba o wskazanie nazwiska opiekuna oraz liczebności grupy, a także daty i godziny, na które planowane jest wejście na wydarzenie festiwalowe. Każda kolejna grupa powinna zostać zgłoszona odrębnie (każda powinna mieć wskazanego opiekuna lub opiekunów). Po wysłaniu formularza rejestracyjnego czekaj na wiadomość e-mailową [&hellip;]

Strona główna
