{"version":"1.0","provider_name":"XX Podlaski Festiwal Nauki i Sztuki 2025","provider_url":"https:\/\/podlaskifestiwal.pl\/2025","author_name":"msowala","author_url":"https:\/\/podlaskifestiwal.pl\/2025\/author\/msowala\/","title":"V Forum M\u0142odych Badaczy Prawa Handlowego - XX Podlaski Festiwal Nauki i Sztuki 2025","type":"rich","width":600,"height":338,"html":"<blockquote class=\"wp-embedded-content\" data-secret=\"z7Oq4Fj77B\"><a href=\"https:\/\/podlaskifestiwal.pl\/2025\/imprezy\/v-forum-mlodych-badaczy-prawa-handlowego\/\">V Forum M\u0142odych Badaczy Prawa Handlowego<\/a><\/blockquote><iframe sandbox=\"allow-scripts\" security=\"restricted\" src=\"https:\/\/podlaskifestiwal.pl\/2025\/imprezy\/v-forum-mlodych-badaczy-prawa-handlowego\/embed\/#?secret=z7Oq4Fj77B\" width=\"600\" height=\"338\" title=\"&#8222;V Forum M\u0142odych Badaczy Prawa Handlowego&#8221; &#8212; XX Podlaski Festiwal Nauki i Sztuki 2025\" data-secret=\"z7Oq4Fj77B\" frameborder=\"0\" marginwidth=\"0\" marginheight=\"0\" scrolling=\"no\" class=\"wp-embedded-content\"><\/iframe><script type=\"text\/javascript\">\n\/* <![CDATA[ *\/\n\/*! This file is auto-generated *\/\n!function(d,l){\"use strict\";l.querySelector&&d.addEventListener&&\"undefined\"!=typeof URL&&(d.wp=d.wp||{},d.wp.receiveEmbedMessage||(d.wp.receiveEmbedMessage=function(e){var t=e.data;if((t||t.secret||t.message||t.value)&&!\/[^a-zA-Z0-9]\/.test(t.secret)){for(var s,r,n,a=l.querySelectorAll('iframe[data-secret=\"'+t.secret+'\"]'),o=l.querySelectorAll('blockquote[data-secret=\"'+t.secret+'\"]'),c=new RegExp(\"^https?:$\",\"i\"),i=0;i<o.length;i++)o[i].style.display=\"none\";for(i=0;i<a.length;i++)s=a[i],e.source===s.contentWindow&&(s.removeAttribute(\"style\"),\"height\"===t.message?(1e3<(r=parseInt(t.value,10))?r=1e3:~~r<200&&(r=200),s.height=r):\"link\"===t.message&&(r=new URL(s.getAttribute(\"src\")),n=new URL(t.value),c.test(n.protocol))&&n.host===r.host&&l.activeElement===s&&(d.top.location.href=t.value))}},d.addEventListener(\"message\",d.wp.receiveEmbedMessage,!1),l.addEventListener(\"DOMContentLoaded\",function(){for(var e,t,s=l.querySelectorAll(\"iframe.wp-embedded-content\"),r=0;r<s.length;r++)(t=(e=s[r]).getAttribute(\"data-secret\"))||(t=Math.random().toString(36).substring(2,12),e.src+=\"#?secret=\"+t,e.setAttribute(\"data-secret\",t)),e.contentWindow.postMessage({message:\"ready\",secret:t},\"*\")},!1)))}(window,document);\n\/\/# sourceURL=https:\/\/podlaskifestiwal.pl\/2025\/wp-includes\/js\/wp-embed.min.js\n\/* ]]> *\/\n<\/script>\n","description":"Katedra Prawa Handlowego na Wydziale Prawa Uniwersytetu w Bia\u0142ymstoku oraz Ko\u0142o Naukowe Prawa Handlowego przy Wydziale Prawa UwB serdecznie zapraszaj\u0105 do udzia\u0142u w \u201cV Forum M\u0142odych Badaczy Prawa Handlowego\u201d. Wydarzenie kierowane jest do student\u00f3w, doktorant\u00f3w oraz magistr\u00f3w. Celem inicjatywy jest popularyzacja nauki prawa handlowego oraz umo\u017cliwienie prezentacji wynik\u00f3w bada\u0144 naukowych przez osoby rozpoczynaj\u0105ce swoj\u0105 prac\u0119 [&hellip;]"}

V Forum Młodych Badaczy Prawa Handlowego - XX Podlaski Festiwal Nauki i Sztuki 2025

<blockquote class="wp-embedded-content" data-secret="z7Oq4Fj77B"><a href="https://podlaskifestiwal.pl/2025/imprezy/v-forum-mlodych-badaczy-prawa-handlowego/">V Forum Młodych Badaczy Prawa Handlowego</a></blockquote><iframe sandbox="allow-scripts" security="restricted" src="https://podlaskifestiwal.pl/2025/imprezy/v-forum-mlodych-badaczy-prawa-handlowego/embed/#?secret=z7Oq4Fj77B" width="600" height="338" title="&#8222;V Forum Młodych Badaczy Prawa Handlowego&#8221; &#8212; XX Podlaski Festiwal Nauki i Sztuki 2025" data-secret="z7Oq4Fj77B" frameborder="0" marginwidth="0" marginheight="0" scrolling="no" class="wp-embedded-content"></iframe><script type="text/javascript">
/* <![CDATA[ */
/*! This file is auto-generated */
!function(d,l){"use strict";l.querySelector&&d.addEventListener&&"undefined"!=typeof URL&&(d.wp=d.wp||{},d.wp.receiveEmbedMessage||(d.wp.receiveEmbedMessage=function(e){var t=e.data;if((t||t.secret||t.message||t.value)&&!/[^a-zA-Z0-9]/.test(t.secret)){for(var s,r,n,a=l.querySelectorAll('iframe[data-secret="'+t.secret+'"]'),o=l.querySelectorAll('blockquote[data-secret="'+t.secret+'"]'),c=new RegExp("^https?:$","i"),i=0;i<o.length;i++)o[i].style.display="none";for(i=0;i<a.length;i++)s=a[i],e.source===s.contentWindow&&(s.removeAttribute("style"),"height"===t.message?(1e3<(r=parseInt(t.value,10))?r=1e3:~~r<200&&(r=200),s.height=r):"link"===t.message&&(r=new URL(s.getAttribute("src")),n=new URL(t.value),c.test(n.protocol))&&n.host===r.host&&l.activeElement===s&&(d.top.location.href=t.value))}},d.addEventListener("message",d.wp.receiveEmbedMessage,!1),l.addEventListener("DOMContentLoaded",function(){for(var e,t,s=l.querySelectorAll("iframe.wp-embedded-content"),r=0;r<s.length;r++)(t=(e=s[r]).getAttribute("data-secret"))||(t=Math.random().toString(36).substring(2,12),e.src+="#?secret="+t,e.setAttribute("data-secret",t)),e.contentWindow.postMessage({message:"ready",secret:t},"*")},!1)))}(window,document);
//# sourceURL=https://podlaskifestiwal.pl/2025/wp-includes/js/wp-embed.min.js
/* ]]> */
</script>

Katedra Prawa Handlowego na Wydziale Prawa Uniwersytetu w Białymstoku oraz Koło Naukowe Prawa Handlowego przy Wydziale Prawa UwB serdecznie zapraszają do udziału w “V Forum Młodych Badaczy Prawa Handlowego”. Wydarzenie kierowane jest do studentów, doktorantów oraz magistrów. Celem inicjatywy jest popularyzacja nauki prawa handlowego oraz umożliwienie prezentacji wyników badań naukowych przez osoby rozpoczynające swoją pracę [&hellip;]
