{"version":"1.0","provider_name":"XX Podlaski Festiwal Nauki i Sztuki 2025","provider_url":"https:\/\/podlaskifestiwal.pl\/2025","author_name":"hkosciuch","author_url":"https:\/\/podlaskifestiwal.pl\/2025\/author\/hkosciuch\/","title":"Piaski. Opowie\u015bci z przesz\u0142o\u015bci dzielnicy. - XX Podlaski Festiwal Nauki i Sztuki 2025","type":"rich","width":600,"height":338,"html":"<blockquote class=\"wp-embedded-content\" data-secret=\"gpsL3MTP8k\"><a href=\"https:\/\/podlaskifestiwal.pl\/2025\/imprezy\/piaski-opowiesci-z-przeszlosci-dzielnicy\/\">Piaski. Opowie\u015bci z przesz\u0142o\u015bci dzielnicy.<\/a><\/blockquote><iframe sandbox=\"allow-scripts\" security=\"restricted\" src=\"https:\/\/podlaskifestiwal.pl\/2025\/imprezy\/piaski-opowiesci-z-przeszlosci-dzielnicy\/embed\/#?secret=gpsL3MTP8k\" width=\"600\" height=\"338\" title=\"&#8222;Piaski. Opowie\u015bci z przesz\u0142o\u015bci dzielnicy.&#8221; &#8212; XX Podlaski Festiwal Nauki i Sztuki 2025\" data-secret=\"gpsL3MTP8k\" frameborder=\"0\" marginwidth=\"0\" marginheight=\"0\" scrolling=\"no\" class=\"wp-embedded-content\"><\/iframe><script type=\"text\/javascript\">\n\/* <![CDATA[ *\/\n\/*! This file is auto-generated *\/\n!function(d,l){\"use strict\";l.querySelector&&d.addEventListener&&\"undefined\"!=typeof URL&&(d.wp=d.wp||{},d.wp.receiveEmbedMessage||(d.wp.receiveEmbedMessage=function(e){var t=e.data;if((t||t.secret||t.message||t.value)&&!\/[^a-zA-Z0-9]\/.test(t.secret)){for(var s,r,n,a=l.querySelectorAll('iframe[data-secret=\"'+t.secret+'\"]'),o=l.querySelectorAll('blockquote[data-secret=\"'+t.secret+'\"]'),c=new RegExp(\"^https?:$\",\"i\"),i=0;i<o.length;i++)o[i].style.display=\"none\";for(i=0;i<a.length;i++)s=a[i],e.source===s.contentWindow&&(s.removeAttribute(\"style\"),\"height\"===t.message?(1e3<(r=parseInt(t.value,10))?r=1e3:~~r<200&&(r=200),s.height=r):\"link\"===t.message&&(r=new URL(s.getAttribute(\"src\")),n=new URL(t.value),c.test(n.protocol))&&n.host===r.host&&l.activeElement===s&&(d.top.location.href=t.value))}},d.addEventListener(\"message\",d.wp.receiveEmbedMessage,!1),l.addEventListener(\"DOMContentLoaded\",function(){for(var e,t,s=l.querySelectorAll(\"iframe.wp-embedded-content\"),r=0;r<s.length;r++)(t=(e=s[r]).getAttribute(\"data-secret\"))||(t=Math.random().toString(36).substring(2,12),e.src+=\"#?secret=\"+t,e.setAttribute(\"data-secret\",t)),e.contentWindow.postMessage({message:\"ready\",secret:t},\"*\")},!1)))}(window,document);\n\/\/# sourceURL=https:\/\/podlaskifestiwal.pl\/2025\/wp-includes\/js\/wp-embed.min.js\n\/* ]]> *\/\n<\/script>\n","description":"Zapraszamy na spotkanie z Wies\u0142awem Wr\u00f3blem, badaczem i pasjonatem historii regionalnej, autorem wielu publikacji dotycz\u0105cych dawnego Bia\u0142egostoku. Tym\u00a0 razem b\u0119dzie to opowie\u015b\u0107 o\u00a0 Piaskach od XVIII do po\u0142owy XX wieku. Dzieje dzielnicy zostan\u0105 przybli\u017cone na podstawie dok\u0142adnych bada\u0144 autora, jak r\u00f3wnie\u017c rozm\u00f3w z dawnymi mieszka\u0144cami tej cz\u0119\u015bci miasta.\u00a0Rezultatem ponad dwuletniej pracy sta\u0142a si\u0119 publikacja \u201ePiaski.\u00a0Opowie\u015bci [&hellip;]"}

Piaski. Opowieści z przeszłości dzielnicy. - XX Podlaski Festiwal Nauki i Sztuki 2025

<blockquote class="wp-embedded-content" data-secret="gpsL3MTP8k"><a href="https://podlaskifestiwal.pl/2025/imprezy/piaski-opowiesci-z-przeszlosci-dzielnicy/">Piaski. Opowieści z przeszłości dzielnicy.</a></blockquote><iframe sandbox="allow-scripts" security="restricted" src="https://podlaskifestiwal.pl/2025/imprezy/piaski-opowiesci-z-przeszlosci-dzielnicy/embed/#?secret=gpsL3MTP8k" width="600" height="338" title="&#8222;Piaski. Opowieści z przeszłości dzielnicy.&#8221; &#8212; XX Podlaski Festiwal Nauki i Sztuki 2025" data-secret="gpsL3MTP8k" frameborder="0" marginwidth="0" marginheight="0" scrolling="no" class="wp-embedded-content"></iframe><script type="text/javascript">
/* <![CDATA[ */
/*! This file is auto-generated */
!function(d,l){"use strict";l.querySelector&&d.addEventListener&&"undefined"!=typeof URL&&(d.wp=d.wp||{},d.wp.receiveEmbedMessage||(d.wp.receiveEmbedMessage=function(e){var t=e.data;if((t||t.secret||t.message||t.value)&&!/[^a-zA-Z0-9]/.test(t.secret)){for(var s,r,n,a=l.querySelectorAll('iframe[data-secret="'+t.secret+'"]'),o=l.querySelectorAll('blockquote[data-secret="'+t.secret+'"]'),c=new RegExp("^https?:$","i"),i=0;i<o.length;i++)o[i].style.display="none";for(i=0;i<a.length;i++)s=a[i],e.source===s.contentWindow&&(s.removeAttribute("style"),"height"===t.message?(1e3<(r=parseInt(t.value,10))?r=1e3:~~r<200&&(r=200),s.height=r):"link"===t.message&&(r=new URL(s.getAttribute("src")),n=new URL(t.value),c.test(n.protocol))&&n.host===r.host&&l.activeElement===s&&(d.top.location.href=t.value))}},d.addEventListener("message",d.wp.receiveEmbedMessage,!1),l.addEventListener("DOMContentLoaded",function(){for(var e,t,s=l.querySelectorAll("iframe.wp-embedded-content"),r=0;r<s.length;r++)(t=(e=s[r]).getAttribute("data-secret"))||(t=Math.random().toString(36).substring(2,12),e.src+="#?secret="+t,e.setAttribute("data-secret",t)),e.contentWindow.postMessage({message:"ready",secret:t},"*")},!1)))}(window,document);
//# sourceURL=https://podlaskifestiwal.pl/2025/wp-includes/js/wp-embed.min.js
/* ]]> */
</script>

Zapraszamy na spotkanie z Wiesławem Wróblem, badaczem i pasjonatem historii regionalnej, autorem wielu publikacji dotyczących dawnego Białegostoku. Tym  razem będzie to opowieść o  Piaskach od XVIII do połowy XX wieku. Dzieje dzielnicy zostaną przybliżone na podstawie dokładnych badań autora, jak również rozmów z dawnymi mieszkańcami tej części miasta. Rezultatem ponad dwuletniej pracy stała się publikacja „Piaski. Opowieści [&hellip;]
