{"version":"1.0","provider_name":"XX Podlaski Festiwal Nauki i Sztuki 2025","provider_url":"https:\/\/podlaskifestiwal.pl\/2025","author_name":"Anna Gogiel-Ku\u017amicka","author_url":"https:\/\/podlaskifestiwal.pl\/2025\/author\/agogiel\/","title":"Nauka i sztuka w bibliotecznych przestrzeniach - XX Podlaski Festiwal Nauki i Sztuki 2025","type":"rich","width":600,"height":338,"html":"<blockquote class=\"wp-embedded-content\" data-secret=\"OWa92YGTm6\"><a href=\"https:\/\/podlaskifestiwal.pl\/2025\/imprezy\/nauka-i-sztuka-w-bibliotecznych-przestrzeniach-3-2\/\">Nauka i sztuka w bibliotecznych przestrzeniach<\/a><\/blockquote><iframe sandbox=\"allow-scripts\" security=\"restricted\" src=\"https:\/\/podlaskifestiwal.pl\/2025\/imprezy\/nauka-i-sztuka-w-bibliotecznych-przestrzeniach-3-2\/embed\/#?secret=OWa92YGTm6\" width=\"600\" height=\"338\" title=\"&#8222;Nauka i sztuka w bibliotecznych przestrzeniach&#8221; &#8212; XX Podlaski Festiwal Nauki i Sztuki 2025\" data-secret=\"OWa92YGTm6\" frameborder=\"0\" marginwidth=\"0\" marginheight=\"0\" scrolling=\"no\" class=\"wp-embedded-content\"><\/iframe><script type=\"text\/javascript\">\n\/* <![CDATA[ *\/\n\/*! This file is auto-generated *\/\n!function(d,l){\"use strict\";l.querySelector&&d.addEventListener&&\"undefined\"!=typeof URL&&(d.wp=d.wp||{},d.wp.receiveEmbedMessage||(d.wp.receiveEmbedMessage=function(e){var t=e.data;if((t||t.secret||t.message||t.value)&&!\/[^a-zA-Z0-9]\/.test(t.secret)){for(var s,r,n,a=l.querySelectorAll('iframe[data-secret=\"'+t.secret+'\"]'),o=l.querySelectorAll('blockquote[data-secret=\"'+t.secret+'\"]'),c=new RegExp(\"^https?:$\",\"i\"),i=0;i<o.length;i++)o[i].style.display=\"none\";for(i=0;i<a.length;i++)s=a[i],e.source===s.contentWindow&&(s.removeAttribute(\"style\"),\"height\"===t.message?(1e3<(r=parseInt(t.value,10))?r=1e3:~~r<200&&(r=200),s.height=r):\"link\"===t.message&&(r=new URL(s.getAttribute(\"src\")),n=new URL(t.value),c.test(n.protocol))&&n.host===r.host&&l.activeElement===s&&(d.top.location.href=t.value))}},d.addEventListener(\"message\",d.wp.receiveEmbedMessage,!1),l.addEventListener(\"DOMContentLoaded\",function(){for(var e,t,s=l.querySelectorAll(\"iframe.wp-embedded-content\"),r=0;r<s.length;r++)(t=(e=s[r]).getAttribute(\"data-secret\"))||(t=Math.random().toString(36).substring(2,12),e.src+=\"#?secret=\"+t,e.setAttribute(\"data-secret\",t)),e.contentWindow.postMessage({message:\"ready\",secret:t},\"*\")},!1)))}(window,document);\n\/\/# sourceURL=https:\/\/podlaskifestiwal.pl\/2025\/wp-includes\/js\/wp-embed.min.js\n\/* ]]> *\/\n<\/script>\n","description":"Zapraszamy na wyj\u0105tkow\u0105 wycieczk\u0119 po bibliotecznych zakamarkach i warsztaty, kt\u00f3re \u0142\u0105cz\u0105 kreatywno\u015b\u0107 z pasj\u0105 do literatury. Bez wzgl\u0119du na to, w jakim wieku jeste\u015b \u2013 ka\u017cdy znajdzie tu co\u015b dla siebie! Oto, co czeka uczestnik\u00f3w: Dla dzieci: warsztaty plastyczne, kt\u00f3re b\u0119d\u0105 \u015bwietn\u0105 zabaw\u0105. \ud83c\udfa8 Dla m\u0142odzie\u017cy: book origami &#8211; kr\u00f3tki kurs tworzenia. \ud83d\udcd6 Serdecznie zach\u0119camy [&hellip;]"}

Anna Gogiel-Kuźmicka

Zapraszamy na wyjątkową wycieczkę po bibliotecznych zakamarkach i warsztaty, które łączą kreatywność z pasją do literatury. Bez względu na to, w jakim wieku jesteś – każdy znajdzie tu coś dla siebie! Oto, co czeka uczestników: Dla dzieci: warsztaty plastyczne, które będą świetną zabawą. 🎨 Dla młodzieży: book origami &#8211; krótki kurs tworzenia. 📖 Serdecznie zachęcamy [&hellip;]
