{"version":"1.0","provider_name":"XX Podlaski Festiwal Nauki i Sztuki 2025","provider_url":"https:\/\/podlaskifestiwal.pl\/2025","author_name":"Anna Gogiel-Ku\u017amicka","author_url":"https:\/\/podlaskifestiwal.pl\/2025\/author\/agogiel\/","title":"Kolorowy \u015bwiat. Kreatywne biblioteczne warsztaty - XX Podlaski Festiwal Nauki i Sztuki 2025","type":"rich","width":600,"height":338,"html":"<blockquote class=\"wp-embedded-content\" data-secret=\"VHzaKVNeZ7\"><a href=\"https:\/\/podlaskifestiwal.pl\/2025\/imprezy\/kolorowy-swiat-kreatywne-biblioteczne-warsztaty\/\">Kolorowy \u015bwiat. Kreatywne biblioteczne warsztaty<\/a><\/blockquote><iframe sandbox=\"allow-scripts\" security=\"restricted\" src=\"https:\/\/podlaskifestiwal.pl\/2025\/imprezy\/kolorowy-swiat-kreatywne-biblioteczne-warsztaty\/embed\/#?secret=VHzaKVNeZ7\" width=\"600\" height=\"338\" title=\"&#8222;Kolorowy \u015bwiat. Kreatywne biblioteczne warsztaty&#8221; &#8212; XX Podlaski Festiwal Nauki i Sztuki 2025\" data-secret=\"VHzaKVNeZ7\" frameborder=\"0\" marginwidth=\"0\" marginheight=\"0\" scrolling=\"no\" class=\"wp-embedded-content\"><\/iframe><script type=\"text\/javascript\">\n\/* <![CDATA[ *\/\n\/*! This file is auto-generated *\/\n!function(d,l){\"use strict\";l.querySelector&&d.addEventListener&&\"undefined\"!=typeof URL&&(d.wp=d.wp||{},d.wp.receiveEmbedMessage||(d.wp.receiveEmbedMessage=function(e){var t=e.data;if((t||t.secret||t.message||t.value)&&!\/[^a-zA-Z0-9]\/.test(t.secret)){for(var s,r,n,a=l.querySelectorAll('iframe[data-secret=\"'+t.secret+'\"]'),o=l.querySelectorAll('blockquote[data-secret=\"'+t.secret+'\"]'),c=new RegExp(\"^https?:$\",\"i\"),i=0;i<o.length;i++)o[i].style.display=\"none\";for(i=0;i<a.length;i++)s=a[i],e.source===s.contentWindow&&(s.removeAttribute(\"style\"),\"height\"===t.message?(1e3<(r=parseInt(t.value,10))?r=1e3:~~r<200&&(r=200),s.height=r):\"link\"===t.message&&(r=new URL(s.getAttribute(\"src\")),n=new URL(t.value),c.test(n.protocol))&&n.host===r.host&&l.activeElement===s&&(d.top.location.href=t.value))}},d.addEventListener(\"message\",d.wp.receiveEmbedMessage,!1),l.addEventListener(\"DOMContentLoaded\",function(){for(var e,t,s=l.querySelectorAll(\"iframe.wp-embedded-content\"),r=0;r<s.length;r++)(t=(e=s[r]).getAttribute(\"data-secret\"))||(t=Math.random().toString(36).substring(2,12),e.src+=\"#?secret=\"+t,e.setAttribute(\"data-secret\",t)),e.contentWindow.postMessage({message:\"ready\",secret:t},\"*\")},!1)))}(window,document);\n\/\/# sourceURL=https:\/\/podlaskifestiwal.pl\/2025\/wp-includes\/js\/wp-embed.min.js\n\/* ]]> *\/\n<\/script>\n","thumbnail_url":"https:\/\/podlaskifestiwal.pl\/2025\/wp-content\/uploads\/sites\/7\/2024\/04\/347270956_1382704595845699_5886998574799184300_n.jpg","thumbnail_width":2048,"thumbnail_height":1539,"description":"Zapraszamy serdecznie wszystkich na kreatywne warsztaty plastyczne w ramach XXI Podlaskiego Festiwalu Nauki i Sztuki! \ud83c\udf1f To wyj\u0105tkowa okazja, by w atmosferze rado\u015bci i tw\u00f3rczo\u015bci odkry\u0107 magi\u0119 sztuki i rozwin\u0105\u0107 sw\u00f3j talent. \ud83c\udfa8 Co Was czeka? Mo\u017cliwo\u015b\u0107 stworzenia w\u0142asnych dzie\u0142, kt\u00f3re stan\u0105 si\u0119 prawdziwymi skarbami! Warsztaty s\u0105 dedykowane wszystkim, kt\u00f3rzy lubi\u0105 tworzy\u0107. Do\u0142\u0105cz do nas, [&hellip;]"}

Anna Gogiel-Kuźmicka

Kolorowy świat. Kreatywne biblioteczne warsztaty - XX Podlaski Festiwal Nauki i Sztuki 2025

<blockquote class="wp-embedded-content" data-secret="VHzaKVNeZ7"><a href="https://podlaskifestiwal.pl/2025/imprezy/kolorowy-swiat-kreatywne-biblioteczne-warsztaty/">Kolorowy świat. Kreatywne biblioteczne warsztaty</a></blockquote><iframe sandbox="allow-scripts" security="restricted" src="https://podlaskifestiwal.pl/2025/imprezy/kolorowy-swiat-kreatywne-biblioteczne-warsztaty/embed/#?secret=VHzaKVNeZ7" width="600" height="338" title="&#8222;Kolorowy świat. Kreatywne biblioteczne warsztaty&#8221; &#8212; XX Podlaski Festiwal Nauki i Sztuki 2025" data-secret="VHzaKVNeZ7" frameborder="0" marginwidth="0" marginheight="0" scrolling="no" class="wp-embedded-content"></iframe><script type="text/javascript">
/* <![CDATA[ */
/*! This file is auto-generated */
!function(d,l){"use strict";l.querySelector&&d.addEventListener&&"undefined"!=typeof URL&&(d.wp=d.wp||{},d.wp.receiveEmbedMessage||(d.wp.receiveEmbedMessage=function(e){var t=e.data;if((t||t.secret||t.message||t.value)&&!/[^a-zA-Z0-9]/.test(t.secret)){for(var s,r,n,a=l.querySelectorAll('iframe[data-secret="'+t.secret+'"]'),o=l.querySelectorAll('blockquote[data-secret="'+t.secret+'"]'),c=new RegExp("^https?:$","i"),i=0;i<o.length;i++)o[i].style.display="none";for(i=0;i<a.length;i++)s=a[i],e.source===s.contentWindow&&(s.removeAttribute("style"),"height"===t.message?(1e3<(r=parseInt(t.value,10))?r=1e3:~~r<200&&(r=200),s.height=r):"link"===t.message&&(r=new URL(s.getAttribute("src")),n=new URL(t.value),c.test(n.protocol))&&n.host===r.host&&l.activeElement===s&&(d.top.location.href=t.value))}},d.addEventListener("message",d.wp.receiveEmbedMessage,!1),l.addEventListener("DOMContentLoaded",function(){for(var e,t,s=l.querySelectorAll("iframe.wp-embedded-content"),r=0;r<s.length;r++)(t=(e=s[r]).getAttribute("data-secret"))||(t=Math.random().toString(36).substring(2,12),e.src+="#?secret="+t,e.setAttribute("data-secret",t)),e.contentWindow.postMessage({message:"ready",secret:t},"*")},!1)))}(window,document);
//# sourceURL=https://podlaskifestiwal.pl/2025/wp-includes/js/wp-embed.min.js
/* ]]> */
</script>

Zapraszamy serdecznie wszystkich na kreatywne warsztaty plastyczne w ramach XXI Podlaskiego Festiwalu Nauki i Sztuki! 🌟 To wyjątkowa okazja, by w atmosferze radości i twórczości odkryć magię sztuki i rozwinąć swój talent. 🎨 Co Was czeka? Możliwość stworzenia własnych dzieł, które staną się prawdziwymi skarbami! Warsztaty są dedykowane wszystkim, którzy lubią tworzyć. Dołącz do nas, [&hellip;]
