{"version":"1.0","provider_name":"XX Podlaski Festiwal Nauki i Sztuki 2025","provider_url":"https:\/\/podlaskifestiwal.pl\/2025","author_name":"Hanna Sarosiek","author_url":"https:\/\/podlaskifestiwal.pl\/2025\/author\/promocjaumb\/","title":"Inauguracja XXI Podlaskiego Festiwalu Nauki i Sztuki - XX Podlaski Festiwal Nauki i Sztuki 2025","type":"rich","width":600,"height":338,"html":"<blockquote class=\"wp-embedded-content\" data-secret=\"qIUHj8RAj0\"><a href=\"https:\/\/podlaskifestiwal.pl\/2025\/imprezy\/inauguracja-xxi-podlaskiego-festiwalu-nauki-i-sztuki\/\">Inauguracja XXI Podlaskiego Festiwalu Nauki i Sztuki<\/a><\/blockquote><iframe sandbox=\"allow-scripts\" security=\"restricted\" src=\"https:\/\/podlaskifestiwal.pl\/2025\/imprezy\/inauguracja-xxi-podlaskiego-festiwalu-nauki-i-sztuki\/embed\/#?secret=qIUHj8RAj0\" width=\"600\" height=\"338\" title=\"&#8222;Inauguracja XXI Podlaskiego Festiwalu Nauki i Sztuki&#8221; &#8212; XX Podlaski Festiwal Nauki i Sztuki 2025\" data-secret=\"qIUHj8RAj0\" frameborder=\"0\" marginwidth=\"0\" marginheight=\"0\" scrolling=\"no\" class=\"wp-embedded-content\"><\/iframe><script type=\"text\/javascript\">\n\/* <![CDATA[ *\/\n\/*! This file is auto-generated *\/\n!function(d,l){\"use strict\";l.querySelector&&d.addEventListener&&\"undefined\"!=typeof URL&&(d.wp=d.wp||{},d.wp.receiveEmbedMessage||(d.wp.receiveEmbedMessage=function(e){var t=e.data;if((t||t.secret||t.message||t.value)&&!\/[^a-zA-Z0-9]\/.test(t.secret)){for(var s,r,n,a=l.querySelectorAll('iframe[data-secret=\"'+t.secret+'\"]'),o=l.querySelectorAll('blockquote[data-secret=\"'+t.secret+'\"]'),c=new RegExp(\"^https?:$\",\"i\"),i=0;i<o.length;i++)o[i].style.display=\"none\";for(i=0;i<a.length;i++)s=a[i],e.source===s.contentWindow&&(s.removeAttribute(\"style\"),\"height\"===t.message?(1e3<(r=parseInt(t.value,10))?r=1e3:~~r<200&&(r=200),s.height=r):\"link\"===t.message&&(r=new URL(s.getAttribute(\"src\")),n=new URL(t.value),c.test(n.protocol))&&n.host===r.host&&l.activeElement===s&&(d.top.location.href=t.value))}},d.addEventListener(\"message\",d.wp.receiveEmbedMessage,!1),l.addEventListener(\"DOMContentLoaded\",function(){for(var e,t,s=l.querySelectorAll(\"iframe.wp-embedded-content\"),r=0;r<s.length;r++)(t=(e=s[r]).getAttribute(\"data-secret\"))||(t=Math.random().toString(36).substring(2,12),e.src+=\"#?secret=\"+t,e.setAttribute(\"data-secret\",t)),e.contentWindow.postMessage({message:\"ready\",secret:t},\"*\")},!1)))}(window,document);\n\/\/# sourceURL=https:\/\/podlaskifestiwal.pl\/2025\/wp-includes\/js\/wp-embed.min.js\n\/* ]]> *\/\n<\/script>\n","description":"Serdecznie zapraszamy na uroczyste otwarcie Festiwalu wst\u0119p wolny Wyk\u0142ady inauguracyjne wyg\u0142osz\u0105: prof. dr hab. Katarzyna Dzier\u017canowska-Fangrat, mikrobiolog, specjalistka w zakresie leczenia antybiotykami, pt. \u201eAntybiotyki: od wielkich odkry\u0107 do globalnych problem\u00f3w \u2013 korzy\u015bci i zagro\u017cenia\u201d. Histori\u0119 odkrycia penicyliny i stosowania antybiotyk\u00f3w w Polsce przedstawi za\u015b dr Magdalena Muska\u0142a, dyrektor Muzeum Uniwersytetu Medycznego w Bia\u0142ymstoku i Pa\u0142acu [&hellip;]"}

Serdecznie zapraszamy na uroczyste otwarcie Festiwalu wstęp wolny Wykłady inauguracyjne wygłoszą: prof. dr hab. Katarzyna Dzierżanowska-Fangrat, mikrobiolog, specjalistka w zakresie leczenia antybiotykami, pt. „Antybiotyki: od wielkich odkryć do globalnych problemów – korzyści i zagrożenia”. Historię odkrycia penicyliny i stosowania antybiotyków w Polsce przedstawi zaś dr Magdalena Muskała, dyrektor Muzeum Uniwersytetu Medycznego w Białymstoku i Pałacu [&hellip;]
