{"version":"1.0","provider_name":"XX Podlaski Festiwal Nauki i Sztuki 2025","provider_url":"https:\/\/podlaskifestiwal.pl\/2025","author_name":"sylwesterpilipczuk","author_url":"https:\/\/podlaskifestiwal.pl\/2025\/author\/sylwesterpilipczuk\/","title":"Emerytura w europejskim wydaniu - XX Podlaski Festiwal Nauki i Sztuki 2025","type":"rich","width":600,"height":338,"html":"<blockquote class=\"wp-embedded-content\" data-secret=\"CBBc0y30Ok\"><a href=\"https:\/\/podlaskifestiwal.pl\/2025\/imprezy\/emerytura-w-europejskim-wydaniu\/\">Emerytura w europejskim wydaniu<\/a><\/blockquote><iframe sandbox=\"allow-scripts\" security=\"restricted\" src=\"https:\/\/podlaskifestiwal.pl\/2025\/imprezy\/emerytura-w-europejskim-wydaniu\/embed\/#?secret=CBBc0y30Ok\" width=\"600\" height=\"338\" title=\"&#8222;Emerytura w europejskim wydaniu&#8221; &#8212; XX Podlaski Festiwal Nauki i Sztuki 2025\" data-secret=\"CBBc0y30Ok\" frameborder=\"0\" marginwidth=\"0\" marginheight=\"0\" scrolling=\"no\" class=\"wp-embedded-content\"><\/iframe><script type=\"text\/javascript\">\n\/* <![CDATA[ *\/\n\/*! This file is auto-generated *\/\n!function(d,l){\"use strict\";l.querySelector&&d.addEventListener&&\"undefined\"!=typeof URL&&(d.wp=d.wp||{},d.wp.receiveEmbedMessage||(d.wp.receiveEmbedMessage=function(e){var t=e.data;if((t||t.secret||t.message||t.value)&&!\/[^a-zA-Z0-9]\/.test(t.secret)){for(var s,r,n,a=l.querySelectorAll('iframe[data-secret=\"'+t.secret+'\"]'),o=l.querySelectorAll('blockquote[data-secret=\"'+t.secret+'\"]'),c=new RegExp(\"^https?:$\",\"i\"),i=0;i<o.length;i++)o[i].style.display=\"none\";for(i=0;i<a.length;i++)s=a[i],e.source===s.contentWindow&&(s.removeAttribute(\"style\"),\"height\"===t.message?(1e3<(r=parseInt(t.value,10))?r=1e3:~~r<200&&(r=200),s.height=r):\"link\"===t.message&&(r=new URL(s.getAttribute(\"src\")),n=new URL(t.value),c.test(n.protocol))&&n.host===r.host&&l.activeElement===s&&(d.top.location.href=t.value))}},d.addEventListener(\"message\",d.wp.receiveEmbedMessage,!1),l.addEventListener(\"DOMContentLoaded\",function(){for(var e,t,s=l.querySelectorAll(\"iframe.wp-embedded-content\"),r=0;r<s.length;r++)(t=(e=s[r]).getAttribute(\"data-secret\"))||(t=Math.random().toString(36).substring(2,12),e.src+=\"#?secret=\"+t,e.setAttribute(\"data-secret\",t)),e.contentWindow.postMessage({message:\"ready\",secret:t},\"*\")},!1)))}(window,document);\n\/\/# sourceURL=https:\/\/podlaskifestiwal.pl\/2025\/wp-includes\/js\/wp-embed.min.js\n\/* ]]> *\/\n<\/script>\n","description":"G\u0142\u00f3wnym celem wyk\u0142adu jest zainspirowanie uczestnik\u00f3w do zdobywania i poszerzenia wiedzy na temat ubezpiecze\u0144 i mo\u017cliwo\u015bci zapewnienia sobie dodatkowych pieni\u0119dzy na przysz\u0142\u0105 emerytur\u0119. W trakcie wyk\u0142adu uczestnicy dowiedz\u0105 si\u0119 czym jest i jakie korzy\u015bci oferuje Og\u00f3lnoeuropejski Indywidualny Produkt Emerytalny (OIPE), b\u0119d\u0105cy najnowsz\u0105 form\u0119 oszcz\u0119dzania w ramach III filaru systemu emerytalnego. To nowy program oszcz\u0119dno\u015bciowy i [&hellip;]"}

Głównym celem wykładu jest zainspirowanie uczestników do zdobywania i poszerzenia wiedzy na temat ubezpieczeń i możliwości zapewnienia sobie dodatkowych pieniędzy na przyszłą emeryturę. W trakcie wykładu uczestnicy dowiedzą się czym jest i jakie korzyści oferuje Ogólnoeuropejski Indywidualny Produkt Emerytalny (OIPE), będący najnowszą formę oszczędzania w ramach III filaru systemu emerytalnego. To nowy program oszczędnościowy i [&hellip;]
