{"id":148,"date":"2018-02-28T08:34:26","date_gmt":"2018-02-28T08:34:26","guid":{"rendered":"http:\/\/podlaskifestiwal.pl\/2024\/?page_id=148"},"modified":"2024-03-22T11:56:10","modified_gmt":"2024-03-22T11:56:10","slug":"komitet-organizacyjny","status":"publish","type":"page","link":"https:\/\/podlaskifestiwal.pl\/2024\/o-festiwalu\/komitet-organizacyjny\/","title":{"rendered":"Komitet organizacyjny"},"content":{"rendered":"<p style=\"text-align: center\"><strong>Koordynator g\u0142\u00f3wny<\/strong>: prof. dr hab. Izabela \u015awi\u0119cicka, prorektor ds. nauki i wsp\u00f3\u0142pracy mi\u0119dzynarodowej Uniwersytetu w Bia\u0142ymstoku<\/p>\n<p style=\"text-align: center\"><strong>Biuro Festiwalu<\/strong>: <a href=\"https:\/\/podlaskifestiwal.pl\/2024\/kontakt\/\" target=\"_blank\" rel=\"noopener\">Centrum Popularyzacji Nauki Uniwersytetu w Bia\u0142ymstoku<\/a><\/p>\n<p><strong>Cz\u0142onkowie:<\/strong><\/p>\n<ol>\n<li>Uniwersytet w Bia\u0142ymstoku: <a href=\"mailto:festiwal@uwb.edu.pl\" target=\"_blank\" rel=\"noopener\">Dorota Sawicka<\/a><\/li>\n<li>Uniwersytet Medyczny w Bia\u0142ymstoku: <a href=\"mailto:promocja@umb.edu.pl\" target=\"_blank\" rel=\"noopener\">dr hab. Ludmi\u0142a Marcinowicz<\/a><\/li>\n<li>Politechnika Bia\u0142ostocka: <a href=\"mailto:m.kochanowicz@pb.edu.pl\" target=\"_blank\" rel=\"noopener\">Dr hab. In\u017c. Marcin Kochanowicz<\/a><\/li>\n<li>Uniwersytet Muzyczny Fryderyka Chopina Wydzia\u0142 Instrumentalno-Pedagogiczny, Edukacji Muzycznej i Wokalistyki \u2013 Filia w Bia\u0142ymstoku: <a href=\"mailto:Joanna.cieslik-klauza@chopin.edu.pl\" target=\"_blank\" rel=\"noopener\">Joanna Cieslik-Klauza<\/a><\/li>\n<li>Akademia Teatralna im. Aleksandra Zelwerowicza w Warszawie, Filia w Bia\u0142ymstoku: <a href=\"mailto:Monika.licwinko@e-at.edu.pl\" target=\"_blank\" rel=\"noopener\">Monika Li\u0107winko<\/a><\/li>\n<li>Archidiecezjalne Wy\u017csze Seminarium Duchowne w Bia\u0142ymstoku: <a href=\"mailto:kapicawojciech7@gmail.com\" target=\"_blank\" rel=\"noopener\">Wojciech Kapica<\/a><\/li>\n<li>Akademia Podlaska: <a href=\"mailto:smolskiw@wp.pl\" target=\"_blank\" rel=\"noopener\">Dr Wies\u0142aw Smolski<\/a><\/li>\n<li>Akademia \u0141om\u017cy\u0144ska: <a href=\"mailto:omodzelewska@ansl.edu.pl\" target=\"_blank\" rel=\"noopener\">Dr Olga Modzelewska<\/a><\/li>\n<li>Pa\u0144stwowa Uczelnia Zawodowa im. prof. Edwarda F. Szczepanika w Suwa\u0142kach: <a href=\"mailto:rzecznik@puz.suwalki.pl\" target=\"_blank\" rel=\"noopener\">Dawid Harasim<\/a><\/li>\n<li>Wy\u017csza Szko\u0142a Ekonomiczna w Bia\u0142ymstoku: <a href=\"mailto:urszula.onichimiuk@wse.edu.pl\" target=\"_blank\" rel=\"noopener\">Urszula Onichimiuk<\/a><\/li>\n<li>Wschodnioeuropejska Akademia Nauk Stosowanych w Bia\u0142ymstoku: <a href=\"mailto:sylwester.pilipczuk@wsfiz.edu.pl\" target=\"_blank\" rel=\"noopener\">Sylwester Pilipczuk<\/a><\/li>\n<li>Wy\u017csza Szko\u0142a Medyczna w Bia\u0142ymstoku: <a href=\"mailto:e.baranczuk@wsmed.pl\" target=\"_blank\" rel=\"noopener\">Dr El\u017cbieta Bara\u0144czuk<\/a><\/li>\n<li>Bia\u0142ostocki Park Naukowo-Technologiczny w Bia\u0142ymstoku: <a href=\"mailto:m.jurzysta@bpnt.bialystok.pl\" target=\"_blank\" rel=\"noopener\">Marek Jurzysta<\/a><\/li>\n<\/ol>\n","protected":false},"excerpt":{"rendered":"<p>Koordynator g\u0142\u00f3wny: prof. dr hab. Izabela \u015awi\u0119cicka, prorektor ds. nauki i wsp\u00f3\u0142pracy mi\u0119dzynarodowej Uniwersytetu w Bia\u0142ymstoku Biuro Festiwalu: Centrum Popularyzacji Nauki Uniwersytetu w Bia\u0142ymstoku Cz\u0142onkowie: Uniwersytet w Bia\u0142ymstoku: Dorota Sawicka Uniwersytet Medyczny w Bia\u0142ymstoku: dr hab. Ludmi\u0142a Marcinowicz Politechnika Bia\u0142ostocka: Dr hab. In\u017c. Marcin Kochanowicz Uniwersytet Muzyczny Fryderyka Chopina Wydzia\u0142 Instrumentalno-Pedagogiczny, Edukacji Muzycznej i Wokalistyki [&hellip;]<\/p>\n","protected":false},"author":1,"featured_media":0,"parent":16,"menu_order":0,"comment_status":"closed","ping_status":"closed","template":"","meta":{"ngg_post_thumbnail":0,"footnotes":""},"class_list":["post-148","page","type-page","status-publish","hentry"],"_links":{"self":[{"href":"https:\/\/podlaskifestiwal.pl\/2024\/wp-json\/wp\/v2\/pages\/148","targetHints":{"allow":["GET"]}}],"collection":[{"href":"https:\/\/podlaskifestiwal.pl\/2024\/wp-json\/wp\/v2\/pages"}],"about":[{"href":"https:\/\/podlaskifestiwal.pl\/2024\/wp-json\/wp\/v2\/types\/page"}],"author":[{"embeddable":true,"href":"https:\/\/podlaskifestiwal.pl\/2024\/wp-json\/wp\/v2\/users\/1"}],"replies":[{"embeddable":true,"href":"https:\/\/podlaskifestiwal.pl\/2024\/wp-json\/wp\/v2\/comments?post=148"}],"version-history":[{"count":51,"href":"https:\/\/podlaskifestiwal.pl\/2024\/wp-json\/wp\/v2\/pages\/148\/revisions"}],"predecessor-version":[{"id":9042,"href":"https:\/\/podlaskifestiwal.pl\/2024\/wp-json\/wp\/v2\/pages\/148\/revisions\/9042"}],"up":[{"embeddable":true,"href":"https:\/\/podlaskifestiwal.pl\/2024\/wp-json\/wp\/v2\/pages\/16"}],"wp:attachment":[{"href":"https:\/\/podlaskifestiwal.pl\/2024\/wp-json\/wp\/v2\/media?parent=148"}],"curies":[{"name":"wp","href":"https:\/\/api.w.org\/{rel}","templated":true}]}}

<p style="text-align: center"><strong>Koordynator główny</strong>: prof. dr hab. Izabela Święcicka, prorektor ds. nauki i współpracy międzynarodowej Uniwersytetu w Białymstoku</p>
<p style="text-align: center"><strong>Biuro Festiwalu</strong>: <a href="https://podlaskifestiwal.pl/2024/kontakt/" target="_blank" rel="noopener">Centrum Popularyzacji Nauki Uniwersytetu w Białymstoku</a></p>
<p><strong>Członkowie:</strong></p>
<ol>
<li>Uniwersytet w Białymstoku: <a href="mailto:festiwal@uwb.edu.pl" target="_blank" rel="noopener">Dorota Sawicka</a></li>
<li>Uniwersytet Medyczny w Białymstoku: <a href="mailto:promocja@umb.edu.pl" target="_blank" rel="noopener">dr hab. Ludmiła Marcinowicz</a></li>
<li>Politechnika Białostocka: <a href="mailto:m.kochanowicz@pb.edu.pl" target="_blank" rel="noopener">Dr hab. Inż. Marcin Kochanowicz</a></li>
<li>Uniwersytet Muzyczny Fryderyka Chopina Wydział Instrumentalno-Pedagogiczny, Edukacji Muzycznej i Wokalistyki – Filia w Białymstoku: <a href="mailto:Joanna.cieslik-klauza@chopin.edu.pl" target="_blank" rel="noopener">Joanna Cieslik-Klauza</a></li>
<li>Akademia Teatralna im. Aleksandra Zelwerowicza w Warszawie, Filia w Białymstoku: <a href="mailto:Monika.licwinko@e-at.edu.pl" target="_blank" rel="noopener">Monika Lićwinko</a></li>
<li>Archidiecezjalne Wyższe Seminarium Duchowne w Białymstoku: <a href="mailto:kapicawojciech7@gmail.com" target="_blank" rel="noopener">Wojciech Kapica</a></li>
<li>Akademia Podlaska: <a href="mailto:smolskiw@wp.pl" target="_blank" rel="noopener">Dr Wiesław Smolski</a></li>
<li>Akademia Łomżyńska: <a href="mailto:omodzelewska@ansl.edu.pl" target="_blank" rel="noopener">Dr Olga Modzelewska</a></li>
<li>Państwowa Uczelnia Zawodowa im. prof. Edwarda F. Szczepanika w Suwałkach: <a href="mailto:rzecznik@puz.suwalki.pl" target="_blank" rel="noopener">Dawid Harasim</a></li>
<li>Wyższa Szkoła Ekonomiczna w Białymstoku: <a href="mailto:urszula.onichimiuk@wse.edu.pl" target="_blank" rel="noopener">Urszula Onichimiuk</a></li>
<li>Wschodnioeuropejska Akademia Nauk Stosowanych w Białymstoku: <a href="mailto:sylwester.pilipczuk@wsfiz.edu.pl" target="_blank" rel="noopener">Sylwester Pilipczuk</a></li>
<li>Wyższa Szkoła Medyczna w Białymstoku: <a href="mailto:e.baranczuk@wsmed.pl" target="_blank" rel="noopener">Dr Elżbieta Barańczuk</a></li>
<li>Białostocki Park Naukowo-Technologiczny w Białymstoku: <a href="mailto:m.jurzysta@bpnt.bialystok.pl" target="_blank" rel="noopener">Marek Jurzysta</a></li>
</ol>

<p>Koordynator główny: prof. dr hab. Izabela Święcicka, prorektor ds. nauki i współpracy międzynarodowej Uniwersytetu w Białymstoku Biuro Festiwalu: Centrum Popularyzacji Nauki Uniwersytetu w Białymstoku Członkowie: Uniwersytet w Białymstoku: Dorota Sawicka Uniwersytet Medyczny w Białymstoku: dr hab. Ludmiła Marcinowicz Politechnika Białostocka: Dr hab. Inż. Marcin Kochanowicz Uniwersytet Muzyczny Fryderyka Chopina Wydział Instrumentalno-Pedagogiczny, Edukacji Muzycznej i Wokalistyki [&hellip;]</p>
