{"id":155,"date":"2018-02-28T08:36:41","date_gmt":"2018-02-28T08:36:41","guid":{"rendered":"http:\/\/podlaskifestiwal.pl\/2023\/?page_id=155"},"modified":"2022-05-13T09:19:09","modified_gmt":"2022-05-13T09:19:09","slug":"informacje-prasowe","status":"publish","type":"page","link":"https:\/\/podlaskifestiwal.pl\/2023\/informacje-prasowe\/","title":{"rendered":"Festiwal w mediach"},"content":{"rendered":"<p><a href=\"https:\/\/www.bstok.pl\/inauguracja-xviii-podlaskiego-festiwalu-nauki-i-sztuki\/\" target=\"_blank\" rel=\"noopener\">https:\/\/www.bstok.pl\/inauguracja-xviii-podlaskiego-festiwalu-nauki-i-sztuki\/<\/a><\/p>\n<p><a href=\"https:\/\/www.eska.pl\/lomza\/podlaski-festiwal-nauki-i-sztuki-zawita-do-lomzy-aa-CGQX-w9Sa-zxKv.html\" target=\"_blank\" rel=\"noopener\">https:\/\/www.eska.pl\/lomza\/podlaski-festiwal-nauki-i-sztuki-zawita-do-lomzy-aa-CGQX-w9Sa-zxKv.html<\/a><\/p>\n<p><a href=\"https:\/\/www.bialystok.pl\/pl\/wiadomosci\/aktualnosci\/architektoniczna-wystawa.html\" target=\"_blank\" rel=\"noopener\">https:\/\/www.bialystok.pl\/pl\/wiadomosci\/aktualnosci\/architektoniczna-wystawa.html<\/a><\/p>\n<p><a href=\"https:\/\/geekstok.pl\/xviii-podlaski-festiwal-nauki-i-sztuki-rodzinny-piknik-naukowym-na-stadionie-miejskim\/\" target=\"_blank\" rel=\"noopener\">https:\/\/geekstok.pl\/xviii-podlaski-festiwal-nauki-i-sztuki-rodzinny-piknik-naukowym-na-stadionie-miejskim\/<\/a><\/p>\n<p><a href=\"https:\/\/www.wrotapodlasia.pl\/pl\/edukacja\/edukacja_nauka\/inauguracja-xviii-podlaskiego-festiwalu-nauki-i-sztuki.html\" target=\"_blank\" rel=\"noopener\">https:\/\/www.wrotapodlasia.pl\/pl\/edukacja\/edukacja_nauka\/inauguracja-xviii-podlaskiego-festiwalu-nauki-i-sztuki.html<\/a><\/p>\n<p><a href=\"https:\/\/bialystok.wyborcza.pl\/bialystok\/5,35241,28424593.html\" target=\"_blank\" rel=\"noopener\">https:\/\/bialystok.wyborcza.pl\/bialystok\/5,35241,28424593.html<\/a><\/p>\n<p><a href=\"https:\/\/www.radio.bialystok.pl\/wiadomosci\/index\/id\/213609\" target=\"_blank\" rel=\"noopener\">https:\/\/www.radio.bialystok.pl\/wiadomosci\/index\/id\/213609<\/a><\/p>\n<p><a href=\"https:\/\/ddb24.pl\/artykul\/cala-masa-atrakcji-na\/1302417\" target=\"_blank\" rel=\"noopener\">https:\/\/ddb24.pl\/artykul\/cala-masa-atrakcji-na\/1302417<\/a><\/p>\n<p><a href=\"https:\/\/www.bialystokonline.pl\/nauka-nie-jest-nudna-setki-osob-na-pikniku-na-stadionie-zdjecia,artykul,130082,6,1.html\" target=\"_blank\" rel=\"noopener\">Bia\u0142ystok Online \u2013 Portal Miejski Bia\u0142ystok<\/a><\/p>\n<p><a href=\"https:\/\/www.wnp.pl\/parlamentarny\/wydarzenia\/bialystok-rozpoczal-sie-18-podlaski-festiwal-nauki-i-sztuki,577373.html\" target=\"_blank\" rel=\"noopener\">https:\/\/www.wnp.pl\/parlamentarny\/wydarzenia\/bialystok-rozpoczal-sie-18-podlaski-festiwal-nauki-i-sztuki,577373.html<\/a><\/p>\n<p><a href=\"https:\/\/www.facebook.com\/bialystokUM\/posts\/359980059497364\" target=\"_blank\" rel=\"noopener\">https:\/\/www.facebook.com\/bialystokUM\/posts\/359980059497364<\/a><\/p>\n<p><a href=\"https:\/\/www.portalsamorzadowy.pl\/polityka-i-spoleczenstwo\/bialystok-rozpoczal-sie-18-podlaski-festiwal-nauki-i-sztuki,375022.html\" target=\"_blank\" rel=\"noopener\">www.PortalSamorzadowy.pl<\/a><\/p>\n<p><a href=\"https:\/\/bia24.pl\/kategorie\/wiadomosci\/w-niedziele-rodzinny-piknik-naukowy.html\" target=\"_blank\" rel=\"noopener\">Bia24<\/a><\/p>\n<p><a href=\"https:\/\/www.bialystokonline.pl\/rodzinny-piknik-naukowy-w-ramach-xviii-podlaskiego-festiwalu-nauki-i-sztuki,artykul,130014,6,1.html\" target=\"_blank\" rel=\"noopener\">Bia\u0142ystok Online \u2013 Portal Miejski Bia\u0142ystok<\/a><\/p>\n<p><a href=\"https:\/\/www.bialystok.pl\/pl\/wiadomosci\/aktualnosci\/rodzinny-piknik-naukowy-na-stadionie-1.html\" target=\"_blank\" rel=\"noopener\">Bia\u0142ystok \u2013 Oficjalny Portal Miasta<\/a><\/p>\n<p><a href=\"https:\/\/www.bialystok.pl\/pl\/wiadomosci\/aktualnosci\/rodzinny-piknik-naukowy-na-stadionie-1.html\" target=\"_blank\" rel=\"noopener\">Bia\u0142ystok \u2013 Oficjalny Portal Miasta<\/a><\/p>\n<p><a href=\"https:\/\/www.radio.bialystok.pl\/wiadomosci\/index\/id\/213609\" target=\"_blank\" rel=\"noopener\">Polskie Radio Bia\u0142ystok<\/a><\/p>\n<p><a href=\"https:\/\/www.radio.bialystok.pl\/wiadomosci\/index\/id\/213609#galeria\" target=\"_blank\" rel=\"noopener\">Polskie Radio Bia\u0142ystok<\/a><\/p>\n<p><a href=\"https:\/\/bialystok.tvp.pl\/60061812\/piknik-dla-wszystkich\" target=\"_blank\" rel=\"noopener\">TVP3 Bia\u0142ystok \u2013 Telewizja Polska S.A.<\/a><\/p>\n<p><a href=\"https:\/\/poranny.pl\/ruszyl-festiwal-nauki-i-sztuki-w-programie-jest-ponad-pol-tysiaca-wydarzen-na-poczatek-uroczysta-inauguracja-i-spotkanie-z\/ar\/c5-16328125\" target=\"_blank\" rel=\"noopener\">Kurier Poranny<\/a><\/p>\n<p><a href=\"https:\/\/www.bialystokonline.pl\/nauka-nie-jest-nudna-setki-osob-na-pikniku-na-stadionie-zdjecia,artykul,130082,6,1.html\" target=\"_blank\" rel=\"noopener\">Bia\u0142ystok Online \u2013 Portal Miejski Bia\u0142ystok<\/a><\/p>\n<p><a href=\"https:\/\/www.bstok.pl\/rodzinny-piknik-naukowy-na-stadionie\/\" target=\"_blank\" rel=\"noopener\">www.Bstok.pl<\/a><\/p>\n<p><a href=\"https:\/\/poranny.pl\/pelen-atrakcji-rodzinny-piknik-naukowy-na-stadionie-miejskim-w-bialymstoku-zdjecia\/ar\/c1-16329015\" target=\"_blank\" rel=\"noopener\">Kurier Poranny<\/a><\/p>\n<p><a href=\"https:\/\/kuratorium.bialystok.pl\/kuratorium\/aktualnosci\/xviii-podlaski-festiwal-nauki-i-sztuki.html\" target=\"_blank\" rel=\"noopener\">Kuratorium O\u015bwiaty w Bia\u0142ymstoku<\/a><\/p>\n<p><a href=\"https:\/\/www.bialystokonline.pl\/190-wydarzen-na-xviii-podlaskim-festiwalu-nauki-i-sztuki-wciaz-mozna-sie-rejestrowac,artykul,129822,6,1.html\" target=\"_blank\" rel=\"noopener\">Bia\u0142ystok Online \u2013 Portal Miejski Bia\u0142ystok<\/a><\/p>\n<p><a href=\"https:\/\/studia.pl\/wydarzenie\/podlaskim-festiwalu-nauki-i-sztuki-umb-bialystok\/\" target=\"_blank\" rel=\"noopener\">Studia.pl<\/a><\/p>\n<p><a href=\"https:\/\/naukawpolsce.pl\/aktualnosci\/news%2C92081%2Cbialystoktrwa-rejestracja-na-podlaski-festiwal-nauki-i-sztuki.html\" target=\"_blank\" rel=\"noopener\">Nauka w Polsce<\/a><\/p>\n<p><a href=\"https:\/\/www.bstok.pl\/podlaski-festiwal-nauki-i-sztuki-2\/\" target=\"_blank\" rel=\"noopener\">www.Bstok.pl<\/a><\/p>\n<p><a href=\"https:\/\/polishscience.pl\/pl\/podlaski-festiwal-nauki-i-sztuki\/\" target=\"_blank\" rel=\"noopener\">PolishScience.pl<\/a><\/p>\n<p><a href=\"https:\/\/www.pomaturze.pl\/news\/xviii+podlaski+festiwal+nauki+i+sztuki+7+13+maja+2022\/1976\/\" target=\"_blank\" rel=\"noopener\">www.PoMaturze.pl<\/a><\/p>\n<p><a href=\"https:\/\/ansl.edu.pl\/wnsh\/wydzial\/aktualnosci\/273-festiwal-nauki-i-sztuki-w-lomzy\" target=\"_blank\" rel=\"noopener\">Akademia Nauk Stosowanych w \u0141om\u017cy<\/a><\/p>\n<p><a href=\"https:\/\/sztuka-architektury.pl\/article\/15718\/podlaski-festiwal-nauki-i-sztuki-2022-wydarzenia-architektoniczne\" target=\"_blank\" rel=\"noopener\">Sztuka-Architektury.pl<\/a><\/p>\n<p><a href=\"https:\/\/bialystok.studentnews.pl\/s\/14\/53034-Bialystok-informacje-spotkania-imprezy.htm?c2=28162\" target=\"_blank\" rel=\"noopener\">Bialystok.StudentNews.pl<\/a><\/p>\n<p><a href=\"https:\/\/zso2bialystok.pl\/index.php\/aktualnosci-zso2\/artukuly-zso2\/4702-podlaski-festiwal-nauki-i-sztuki\" target=\"_blank\" rel=\"noopener\">II Liceum Og\u00f3lnokszta\u0142c\u0105ce im. Ksi\u0119\u017cnej Anny z Sapieh\u00f3w Jab\u0142onowskiej w Bia\u0142ymstoku<\/a><\/p>\n<p><a href=\"http:\/\/awsd.bialystok.pl\/aktualnosci\/333\/xviii-festiwal-nauki-i-sztuki-\/\" target=\"_blank\" rel=\"noopener\">Archidiecezjalne Wy\u017csze Seminarium Duchowne w Bia\u0142ymstoku<\/a><\/p>\n<p><a href=\"https:\/\/bpnt.bialystok.pl\/PL\/aktualnosci\/przyszlosc-nalezy-do-wyobrazni-18-pfnis\" target=\"_blank\" rel=\"noopener\">Bia\u0142ostocki Park Naukowo-Technologiczny<\/a><\/p>\n<p><a href=\"https:\/\/www.puz.suwalki.pl\/aktualnosci\/podlaski-festiwal-nauki-i-sztuki,art2607\/\" target=\"_blank\" rel=\"noopener\">Pa\u0144stwowa Uczelnia Zawodowa im. Prof. Edwarda F. Szczepanika w Suwa\u0142kach<\/a><\/p>\n<p><a href=\"https:\/\/www.facebook.com\/StadionMiejskiwBialymstoku\/posts\/4907773879344578\" target=\"_blank\" rel=\"noopener\">https:\/\/www.facebook.com\/StadionMiejskiwBialymstoku\/posts\/4907773879344578<\/a><\/p>\n<p><a href=\"https:\/\/www.facebook.com\/wydzialelektryczny\/posts\/2052002628292565\" target=\"_blank\" rel=\"noopener\">https:\/\/www.facebook.com\/wydzialelektryczny\/posts\/2052002628292565<\/a><\/p>\n<p><a href=\"https:\/\/www.facebook.com\/uniwersytetwbialymstoku\/posts\/5636014426451230\" target=\"_blank\" rel=\"noopener\">https:\/\/www.facebook.com\/uniwersytetwbialymstoku\/posts\/5636014426451230<\/a><\/p>\n<p><a href=\"https:\/\/www.facebook.com\/wsewb\/posts\/5460811617265321\" target=\"_blank\" rel=\"noopener\">https:\/\/www.facebook.com\/wsewb\/posts\/5460811617265321<\/a><\/p>\n<p><a href=\"https:\/\/www.facebook.com\/UMBialystok\/posts\/5136046546455942\" target=\"_blank\" rel=\"noopener\">https:\/\/www.facebook.com\/UMBialystok\/posts\/5136046546455942<\/a><\/p>\n<p><a href=\"https:\/\/www.facebook.com\/WazneSaEfekty\/posts\/5084571318247915\" target=\"_blank\" rel=\"noopener\">https:\/\/www.facebook.com\/WazneSaEfekty\/posts\/5084571318247915<\/a><\/p>\n<p><a href=\"https:\/\/www.facebook.com\/StudiujWBialymstoku\/posts\/1832618996928140\" target=\"_blank\" rel=\"noopener\">https:\/\/www.facebook.com\/StudiujWBialymstoku\/posts\/1832618996928140<\/a><\/p>\n<p><a href=\"https:\/\/www.facebook.com\/NWSPwBialymstoku\/posts\/1003363910298998\" target=\"_blank\" rel=\"noopener\">https:\/\/www.facebook.com\/NWSPwBialymstoku\/posts\/1003363910298998<\/a><\/p>\n<p><a href=\"https:\/\/www.facebook.com\/FanPageBPNT\/posts\/7591798387504882\" target=\"_blank\" rel=\"noopener\">https:\/\/www.facebook.com\/FanPageBPNT\/posts\/7591798387504882<\/a><\/p>\n<p><a href=\"https:\/\/4lomza.pl\/index.php?wiad=62194\" target=\"_blank\" rel=\"noopener\">4lomza.pl &#8211; Regionalny Portal<\/a><\/p>\n<p><a href=\"https:\/\/akadera.bialystok.pl\/podlaski-festiwal-nauki-i-sztuki-chetni-nadal-moga-sie-rejestrowac-na-wydarzenia\/\" target=\"_blank\" rel=\"noopener\">Radio Akadera<\/a><\/p>\n<p><a href=\"https:\/\/www.bialystokonline.pl\/190-wydarzen-na-xviii-podlaskim-festiwalu-nauki-i-sztuki-wciaz-mozna-sie-rejestrowac,artykul,129822,6,1.html\" target=\"_blank\" rel=\"noopener\">Bia\u0142ystok Online \u2013 Portal Miejski Bia\u0142ystok<\/a><\/p>\n<p><a href=\"https:\/\/bialystok.tvp.pl\/59530731\/xviii-podlaski-festiwal-nauki-i-sztuki\" target=\"_blank\" rel=\"noopener\">TVP3 Bia\u0142ystok &#8211; Telewizja Polska S.A.<\/a><\/p>\n<p><a href=\"http:\/\/www.nwsp.bialystok.pl\/xviii-podlaski-festiwal-nauki-i-sztuki\/\" target=\"_blank\" rel=\"noopener\">Niepa\u0144stwowa Wy\u017csza Szko\u0142a Pedagogiczna w Bia\u0142ymstoku<\/a><\/p>\n<p><a href=\"https:\/\/wsfiz.edu.pl\/xviii-podlaski-festiwal-nauki-i-sztuki-7-13-maja-2022r\/\" target=\"_blank\" rel=\"noopener\">Wy\u017csza Szko\u0142a Finans\u00f3w i Zarz\u0105dzania w Bia\u0142ymstoku<\/a><\/p>\n<p><a href=\"https:\/\/www.radio.bialystok.pl\/patronaty\/index\/id\/211073\" target=\"_blank\" rel=\"noopener\">Polskie Radio Bia\u0142ystok<\/a><\/p>\n<p><a href=\"https:\/\/proanima.pl\/wydarzenia\/xviii-podlaski-festiwal-nauki-i-sztuki-bialystok\" target=\"_blank\" rel=\"noopener\">proanima.pl<\/a><\/p>\n<p><a href=\"https:\/\/chopin.edu.pl\/szczegoly-aktualnosci\/2206_xviii-podlaski-festiwal-nauki-i-sztuki-7-13-maja-2022\" target=\"_blank\" rel=\"noopener\">Uniwersytet Muzyczny Fryderyka Chopina<\/a><\/p>\n<p><a href=\"https:\/\/www.bialystok.pl\/pl\/wiadomosci\/aktualnosci\/podlaski-festiwal-nauki-i-sztuki-2.html\" target=\"_blank\" rel=\"noopener\">Bia\u0142ystok &#8211; Oficjalny Portal Miasta<\/a><\/p>\n<p><a href=\"https:\/\/epi-centrum.bialystok.pl\/pl\/news\/30\" target=\"_blank\" rel=\"noopener\">Epi-Centrum Nauki<\/a><\/p>\n<p><a href=\"https:\/\/opinieouczelniach.pl\/artykul\/podlaski-festiwal-nauki-i-sztuki-2022\/\" target=\"_blank\" rel=\"noopener\">OpinieoUczelniach.pl<\/a><\/p>\n<p><a href=\"https:\/\/bialystok.studentnews.pl\/s\/14\/53034-Bialystok-informacje-spotkania-imprezy\/5287605-XVIII-Podlaski-Festiwal-Nauki-i-Sztuki-7-13-maja-2022.htm\" target=\"_blank\" rel=\"noopener\">Bialystok.StudentNews.pl<\/a><\/p>\n<p><a href=\"https:\/\/www.suwalki.info\/wiadomosci\/wiadomosci-z-regionu\/xviii-podlaski-festiwal-nauki-i-sztuki-ruszyla-rejestracja\" target=\"_blank\" rel=\"noopener\">Suwalki.info<\/a><\/p>\n<p><a href=\"https:\/\/bia24.pl\/kategorie\/wiadomosci\/bedzie-podlaski-festiwal-nauki-i-sztuki.html\" target=\"_blank\" rel=\"noopener\">Bia24<\/a><\/p>\n<p><a href=\"https:\/\/poranny.pl\/xviii-podlaski-festiwal-nauki-i-sztuki-uczelnie-zapraszaja-mlodszych-i-starszych-podlasian-na-ponad-500-ciekawych-wydarzen\/ar\/c5-16202335\" target=\"_blank\" rel=\"noopener\">Kurier Poranny<\/a><\/p>\n<p><a href=\"https:\/\/bialystok.tvp.pl\/59393348\/7-maja-rozpocznie-sie-xviii-edycja-festiwalu-nauki-i-sztuki\">TVP3 Bia\u0142ystok &#8211; Telewizja Polska S.A.<\/a><\/p>\n<p><a href=\"https:\/\/www.radio.bialystok.pl\/wiadomosci\/index\/id\/212245\" target=\"_blank\" rel=\"noopener\">Polskie Radio Bia\u0142ystok<\/a><\/p>\n<p><a href=\"https:\/\/www.bialystok.pl\/pl\/wiadomosci\/aktualnosci\/podlaski-festiwal-nauki-i-sztuki-2.html\" target=\"_blank\" rel=\"noopener\">Bia\u0142ystok &#8211; Oficjalny Portal Miasta<\/a><\/p>\n<p><a href=\"https:\/\/www.bialystokonline.pl\/w-maju-rozpocznie-sie-xviii-festiwal-nauki-i-sztuki-przygotowano-duzo-atrakcji,artykul,129467,6,1.html\" target=\"_blank\" rel=\"noopener\">Bia\u0142ystok Online \u2013 Portal Miejski Bia\u0142ystok<\/a><\/p>\n<p><a href=\"https:\/\/bialystok.wyborcza.pl\/bialystok\/7,35241,28291512,bialystok-podlaski-festiwal-nauki-i-sztuki-juz-za-miesiac.html\" target=\"_blank\" rel=\"noopener\">Bia\u0142ystok &#8211; Gazeta Wyborcza<\/a><\/p>\n<p><a href=\"https:\/\/www.umb.edu.pl\/aktualnosci\/25256,Blisko_550_wydarzen_przygotowaly_podlaskie_uczelnie_w_ramach_tegorocznej_edycji_Festiwalu_Nauki_i_Sztuki\" target=\"_blank\" rel=\"noopener\">Uniwersytet Medyczny w Bia\u0142ymstoku<\/a><\/p>\n<p><a href=\"https:\/\/uwb.edu.pl\/nowosci\/aktualnosci\/uniwersytet-w-bialymstoku-na-xviii-podlaskim-festiwalu-nauki-i-sztuki\/e4d8e64d\">Uniwersytet w Bia\u0142ymstoku<\/a><\/p>\n<p><a href=\"https:\/\/pb.edu.pl\/2022\/04\/01\/podlaski-festiwal-nauki-i-sztuki-w-maju-bedziemy-pobudzac-wyobraznie\/\">Politechnika Bia\u0142ostocka<\/a><\/p>\n","protected":false},"excerpt":{"rendered":"<p>https:\/\/www.bstok.pl\/inauguracja-xviii-podlaskiego-festiwalu-nauki-i-sztuki\/ https:\/\/www.eska.pl\/lomza\/podlaski-festiwal-nauki-i-sztuki-zawita-do-lomzy-aa-CGQX-w9Sa-zxKv.html https:\/\/www.bialystok.pl\/pl\/wiadomosci\/aktualnosci\/architektoniczna-wystawa.html https:\/\/geekstok.pl\/xviii-podlaski-festiwal-nauki-i-sztuki-rodzinny-piknik-naukowym-na-stadionie-miejskim\/ https:\/\/www.wrotapodlasia.pl\/pl\/edukacja\/edukacja_nauka\/inauguracja-xviii-podlaskiego-festiwalu-nauki-i-sztuki.html https:\/\/bialystok.wyborcza.pl\/bialystok\/5,35241,28424593.html https:\/\/www.radio.bialystok.pl\/wiadomosci\/index\/id\/213609 https:\/\/ddb24.pl\/artykul\/cala-masa-atrakcji-na\/1302417 Bia\u0142ystok Online \u2013 Portal Miejski Bia\u0142ystok https:\/\/www.wnp.pl\/parlamentarny\/wydarzenia\/bialystok-rozpoczal-sie-18-podlaski-festiwal-nauki-i-sztuki,577373.html https:\/\/www.facebook.com\/bialystokUM\/posts\/359980059497364 www.PortalSamorzadowy.pl Bia24 Bia\u0142ystok Online \u2013 Portal Miejski Bia\u0142ystok Bia\u0142ystok \u2013 Oficjalny Portal Miasta Bia\u0142ystok \u2013 Oficjalny Portal Miasta Polskie Radio Bia\u0142ystok Polskie Radio Bia\u0142ystok TVP3 Bia\u0142ystok \u2013 Telewizja Polska S.A. Kurier Poranny Bia\u0142ystok Online \u2013 Portal Miejski Bia\u0142ystok www.Bstok.pl [&hellip;]<\/p>\n","protected":false},"author":1,"featured_media":0,"parent":0,"menu_order":0,"comment_status":"closed","ping_status":"closed","template":"","meta":{"ngg_post_thumbnail":0,"footnotes":""},"class_list":["post-155","page","type-page","status-publish","hentry"],"_links":{"self":[{"href":"https:\/\/podlaskifestiwal.pl\/2023\/wp-json\/wp\/v2\/pages\/155","targetHints":{"allow":["GET"]}}],"collection":[{"href":"https:\/\/podlaskifestiwal.pl\/2023\/wp-json\/wp\/v2\/pages"}],"about":[{"href":"https:\/\/podlaskifestiwal.pl\/2023\/wp-json\/wp\/v2\/types\/page"}],"author":[{"embeddable":true,"href":"https:\/\/podlaskifestiwal.pl\/2023\/wp-json\/wp\/v2\/users\/1"}],"replies":[{"embeddable":true,"href":"https:\/\/podlaskifestiwal.pl\/2023\/wp-json\/wp\/v2\/comments?post=155"}],"version-history":[{"count":38,"href":"https:\/\/podlaskifestiwal.pl\/2023\/wp-json\/wp\/v2\/pages\/155\/revisions"}],"predecessor-version":[{"id":6974,"href":"https:\/\/podlaskifestiwal.pl\/2023\/wp-json\/wp\/v2\/pages\/155\/revisions\/6974"}],"wp:attachment":[{"href":"https:\/\/podlaskifestiwal.pl\/2023\/wp-json\/wp\/v2\/media?parent=155"}],"curies":[{"name":"wp","href":"https:\/\/api.w.org\/{rel}","templated":true}]}}