{"id":14,"date":"2018-02-14T11:18:07","date_gmt":"2018-02-14T11:18:07","guid":{"rendered":"http:\/\/podlaskifestiwal.pl\/2023\/?page_id=14"},"modified":"2023-04-06T07:07:58","modified_gmt":"2023-04-06T07:07:58","slug":"kontakt","status":"publish","type":"page","link":"https:\/\/podlaskifestiwal.pl\/2023\/kontakt\/","title":{"rendered":"Kontakt"},"content":{"rendered":"<p><strong>Biuro Festiwalu<\/strong><\/p>\n<p><strong>Dzia\u0142 Promocji<br \/>\nPolitechnika Bia\u0142ostocka<br \/>\n<\/strong><\/p>\n<p>tel. 85 746 9724<br \/>\ntel. 506 776 303<br \/>\ne-mail: <a href=\"mailto:biuroprasowe@pb.edu.pl\">biuroprasowe@pb.edu.pl<\/a><\/p>\n<p>ul. Wiejska 45 A, pok. 035<br \/>\n15-351 Bia\u0142ystok<\/p>\n<p>Znajd\u017a nas na <a title=\"Przejd\u017a do: Profil FB PB\" href=\"https:\/\/www.facebook.com\/PodlaskiFestiwalNauki\/\" target=\"_blank\" rel=\"noopener noreferrer\">Facebooku<\/a><\/p>\n<p>&nbsp;<br \/>\n<div class=\"embed-responsive embed-responsive-16by9\"><iframe class=\"embed-responsive-item\" src=\"https:\/\/www.google.com\/maps\/embed?pb=!1m18!1m12!1m3!1d2394.637445341434!2d23.143926315829837!3d53.11670187993148!2m3!1f0!2f0!3f0!3m2!1i1024!2i768!4f13.1!3m3!1m2!1s0x471ffbfb9415aee5%3A0x1f6449ccc6c966f7!2sPolitechnika%20Bia%C5%82ostocka!5e0!3m2!1spl!2spl!4v1680764730712!5m2!1spl!2spl\"  border=\"0\" frameborder=\"0\"><\/iframe><\/div><\/p>\n","protected":false},"excerpt":{"rendered":"<p>Biuro Festiwalu Dzia\u0142 Promocji Politechnika Bia\u0142ostocka tel. 85 746 9724 tel. 506 776 303 e-mail: biuroprasowe@pb.edu.pl ul. Wiejska 45 A, pok. 035 15-351 Bia\u0142ystok Znajd\u017a nas na Facebooku &nbsp;<\/p>\n","protected":false},"author":1,"featured_media":0,"parent":0,"menu_order":0,"comment_status":"closed","ping_status":"closed","template":"","meta":{"ngg_post_thumbnail":0,"footnotes":""},"class_list":["post-14","page","type-page","status-publish","hentry"],"_links":{"self":[{"href":"https:\/\/podlaskifestiwal.pl\/2023\/wp-json\/wp\/v2\/pages\/14","targetHints":{"allow":["GET"]}}],"collection":[{"href":"https:\/\/podlaskifestiwal.pl\/2023\/wp-json\/wp\/v2\/pages"}],"about":[{"href":"https:\/\/podlaskifestiwal.pl\/2023\/wp-json\/wp\/v2\/types\/page"}],"author":[{"embeddable":true,"href":"https:\/\/podlaskifestiwal.pl\/2023\/wp-json\/wp\/v2\/users\/1"}],"replies":[{"embeddable":true,"href":"https:\/\/podlaskifestiwal.pl\/2023\/wp-json\/wp\/v2\/comments?post=14"}],"version-history":[{"count":33,"href":"https:\/\/podlaskifestiwal.pl\/2023\/wp-json\/wp\/v2\/pages\/14\/revisions"}],"predecessor-version":[{"id":7318,"href":"https:\/\/podlaskifestiwal.pl\/2023\/wp-json\/wp\/v2\/pages\/14\/revisions\/7318"}],"wp:attachment":[{"href":"https:\/\/podlaskifestiwal.pl\/2023\/wp-json\/wp\/v2\/media?parent=14"}],"curies":[{"name":"wp","href":"https:\/\/api.w.org\/{rel}","templated":true}]}}

<p><strong>Biuro Festiwalu</strong></p>
<p><strong>Dział Promocji<br />
Politechnika Białostocka<br />
</strong></p>
<p>tel. 85 746 9724<br />
tel. 506 776 303<br />
e-mail: <a href="mailto:biuroprasowe@pb.edu.pl">biuroprasowe@pb.edu.pl</a></p>
<p>ul. Wiejska 45 A, pok. 035<br />
15-351 Białystok</p>
<p>Znajdź nas na <a title="Przejdź do: Profil FB PB" href="https://www.facebook.com/PodlaskiFestiwalNauki/" target="_blank" rel="noopener noreferrer">Facebooku</a></p>
<p>&nbsp;<br />
<div class="embed-responsive embed-responsive-16by9"><iframe class="embed-responsive-item" src="https://www.google.com/maps/embed?pb=!1m18!1m12!1m3!1d2394.637445341434!2d23.143926315829837!3d53.11670187993148!2m3!1f0!2f0!3f0!3m2!1i1024!2i768!4f13.1!3m3!1m2!1s0x471ffbfb9415aee5%3A0x1f6449ccc6c966f7!2sPolitechnika%20Bia%C5%82ostocka!5e0!3m2!1spl!2spl!4v1680764730712!5m2!1spl!2spl"  border="0" frameborder="0"></iframe></div></p>

<p>Biuro Festiwalu Dział Promocji Politechnika Białostocka tel. 85 746 9724 tel. 506 776 303 e-mail: biuroprasowe@pb.edu.pl ul. Wiejska 45 A, pok. 035 15-351 Białystok Znajdź nas na Facebooku &nbsp;</p>
