{"id":16,"date":"2018-02-14T11:16:32","date_gmt":"2018-02-14T11:16:32","guid":{"rendered":"http:\/\/podlaskifestiwal.pl\/2022\/?page_id=16"},"modified":"2022-03-19T18:53:59","modified_gmt":"2022-03-19T18:53:59","slug":"o-festiwalu","status":"publish","type":"page","link":"https:\/\/podlaskifestiwal.pl\/2022\/o-festiwalu\/","title":{"rendered":"O festiwalu"},"content":{"rendered":"<p><strong>Przysz\u0142o\u015b\u0107 nale\u017cy do wyobra\u017ani!<\/strong><\/p>\n<p>Ju\u017c po raz osiemnasty podlaskie uczelnie zapraszaj\u0105 wszystkich mieszka\u0144c\u00f3w naszego regionu do udzia\u0142u w Podlaskim Festiwalu Nauki i Sztuki. To najwi\u0119ksza, cykliczna impreza&nbsp; w Polsce p\u00f3\u0142nocno-wschodniej, popularyzuj\u0105ca nauk\u0119 i sztuk\u0119 w spos\u00f3b bardzo przyst\u0119pny. &nbsp;Skierowana nie tylko do uczni\u00f3w i student\u00f3w, ale te\u017c do przedszkolak\u00f3w i os\u00f3b starszych. Nie liczy si\u0119 ani wiek, ani p\u0142e\u0107, ani wykszta\u0142cenie uczestnika. Liczy si\u0119 CIEKAWO\u015a\u0106!<\/p>\n<p>Celem Festiwalu jest upowszechnianie tematyki i osi\u0105gni\u0119\u0107 naukowych na regionalnych uczelniach wy\u017cszych. Chcemy zwr\u00f3ci\u0107 uwag\u0119 na warto\u015b\u0107 i przydatno\u015b\u0107 bada\u0144 oraz przybli\u017cy\u0107 je w jak najbardziej zrozumia\u0142ej, atrakcyjnej formie, pozwalaj\u0105cej na rozwini\u0119cie ciekawo\u015bci \u015bwiata i rado\u015bci z jego poznawania. Otwarta formu\u0142a oraz r\u00f3\u017cnorodno\u015b\u0107 imprez festiwalowych pozwoli uczestnikom poszerzy\u0107 wiedz\u0119 z zakresu nauk \u015bcis\u0142ych, technicznych, medycznych, przyrodniczych oraz humanistycznych i spo\u0142ecznych.<\/p>\n<p>Imprezy festiwalowe odb\u0119d\u0105 si\u0119 w Bia\u0142ymstoku, \u0141om\u017cy i Suwa\u0142kach. Uczestnicy od kuchni b\u0119d\u0105 mogli pozna\u0107 miejsca na co dzie\u0144 niedost\u0119pne \u2013 laboratoria naukowe i warsztaty pracy naukowc\u00f3w i artyst\u00f3w.<\/p>\n<p>&nbsp;<\/p>\n<p>Decyzj\u0105 Kolegium \u015arodowiskowego Rektor\u00f3w Szk\u00f3\u0142 Wy\u017cszych funkcj\u0119 koordynatora obj\u0105\u0142 w tym roku Uniwersytet Medyczny w Bia\u0142ymstoku. Wsp\u00f3\u0142organizatorami jest 11 &nbsp;innych uczelni:<\/p>\n<ul>\n<li>Uniwersytet w Bia\u0142ymstoku<\/li>\n<li>Politechnika Bia\u0142ostocka<\/li>\n<li>Uniwersytet Muzyczny Fryderyka Chopina Filia w Bia\u0142ymstoku, Wydzia\u0142 Instrumentalno-Pedagogiczny, Edukacji Muzycznej i&nbsp;Wokalistyki<\/li>\n<li>Akademia Teatralna im. A. Zelwerowicza Filia w Bia\u0142ymstoku<\/li>\n<li>Archidiecezjalne Wy\u017csze Seminarium Duchowne<\/li>\n<li>Niepa\u0144stwowa Wy\u017csza Szko\u0142a Pedagogiczna<\/li>\n<li>Wy\u017csza Szko\u0142a Ekonomiczna<\/li>\n<li>Wy\u017csza Szko\u0142a Finans\u00f3w i Zarz\u0105dzania,<\/li>\n<li>Wy\u017csza Szko\u0142a Medyczna oraz Pa\u0144stwowa<\/li>\n<li>Akademia Nauk Stosowanych w \u0141om\u017cy<\/li>\n<li>Pa\u0144stwowa Uczelnia Zawodowa w Suwa\u0142kach.<\/li>\n<\/ul>\n<p>Przy\u0142\u0105czy\u0142y si\u0119 do nas tak\u017ce: Bia\u0142ostocki Park Naukowo-Technologiczny oraz Park Naukowo-Technologiczny Polska Wsch\u00f3d w Suwa\u0142kach.<\/p>\n<p><strong>Tegoroczny <\/strong><strong>program przedstawia si\u0119 nast\u0119puj\u0105co:<\/strong><\/p>\n<p><strong>&nbsp;<\/strong>07.05.2022 r. \u2013 Inauguracja Festiwalu<\/p>\n<p>08.05.2022 r.&nbsp; \u2013Rodziny Piknik Naukowy na Stadionie Miejskim w Bia\u0142ymstoku (w godz. 10-16)<\/p>\n<p>07-13.05.2022 r. \u2013 Festiwal na uczelniach &#8211; wyk\u0142ady, warsztaty, pokazy i eksperymenty naukowe<\/p>\n<p>Tegoroczny Festiwal wsparciem i patronatem obj\u0105\u0142 Minister Edukacji i Nauki, a tak\u017ce Wojewoda Podlaski, Marsza\u0142ek Wojew\u00f3dztwa Podlaskiego, Podlaski Kurator O\u015bwiaty,&nbsp; Prezydent Miasta Bia\u0142egostoku, Prezydent Miasta \u0141om\u017cy i Prezydent Miasta Suwa\u0142ki.<\/p>\n","protected":false},"excerpt":{"rendered":"<p>Przysz\u0142o\u015b\u0107 nale\u017cy do wyobra\u017ani! Ju\u017c po raz osiemnasty podlaskie uczelnie zapraszaj\u0105 wszystkich mieszka\u0144c\u00f3w naszego regionu do udzia\u0142u w Podlaskim Festiwalu Nauki i Sztuki. To najwi\u0119ksza, cykliczna impreza&nbsp; w Polsce p\u00f3\u0142nocno-wschodniej, popularyzuj\u0105ca nauk\u0119 i sztuk\u0119 w spos\u00f3b bardzo przyst\u0119pny. &nbsp;Skierowana nie tylko do uczni\u00f3w i student\u00f3w, ale te\u017c do przedszkolak\u00f3w i os\u00f3b starszych. Nie liczy si\u0119 [&hellip;]<\/p>\n","protected":false},"author":1,"featured_media":0,"parent":0,"menu_order":0,"comment_status":"closed","ping_status":"closed","template":"","meta":{"ngg_post_thumbnail":0,"footnotes":""},"class_list":["post-16","page","type-page","status-publish","hentry"],"_links":{"self":[{"href":"https:\/\/podlaskifestiwal.pl\/2022\/wp-json\/wp\/v2\/pages\/16","targetHints":{"allow":["GET"]}}],"collection":[{"href":"https:\/\/podlaskifestiwal.pl\/2022\/wp-json\/wp\/v2\/pages"}],"about":[{"href":"https:\/\/podlaskifestiwal.pl\/2022\/wp-json\/wp\/v2\/types\/page"}],"author":[{"embeddable":true,"href":"https:\/\/podlaskifestiwal.pl\/2022\/wp-json\/wp\/v2\/users\/1"}],"replies":[{"embeddable":true,"href":"https:\/\/podlaskifestiwal.pl\/2022\/wp-json\/wp\/v2\/comments?post=16"}],"version-history":[{"count":52,"href":"https:\/\/podlaskifestiwal.pl\/2022\/wp-json\/wp\/v2\/pages\/16\/revisions"}],"predecessor-version":[{"id":5341,"href":"https:\/\/podlaskifestiwal.pl\/2022\/wp-json\/wp\/v2\/pages\/16\/revisions\/5341"}],"wp:attachment":[{"href":"https:\/\/podlaskifestiwal.pl\/2022\/wp-json\/wp\/v2\/media?parent=16"}],"curies":[{"name":"wp","href":"https:\/\/api.w.org\/{rel}","templated":true}]}}

<p><strong>Przyszłość należy do wyobraźni!</strong></p>
<p>Już po raz osiemnasty podlaskie uczelnie zapraszają wszystkich mieszkańców naszego regionu do udziału w Podlaskim Festiwalu Nauki i Sztuki. To największa, cykliczna impreza&nbsp; w Polsce północno-wschodniej, popularyzująca naukę i sztukę w sposób bardzo przystępny. &nbsp;Skierowana nie tylko do uczniów i studentów, ale też do przedszkolaków i osób starszych. Nie liczy się ani wiek, ani płeć, ani wykształcenie uczestnika. Liczy się CIEKAWOŚĆ!</p>
<p>Celem Festiwalu jest upowszechnianie tematyki i osiągnięć naukowych na regionalnych uczelniach wyższych. Chcemy zwrócić uwagę na wartość i przydatność badań oraz przybliżyć je w jak najbardziej zrozumiałej, atrakcyjnej formie, pozwalającej na rozwinięcie ciekawości świata i radości z jego poznawania. Otwarta formuła oraz różnorodność imprez festiwalowych pozwoli uczestnikom poszerzyć wiedzę z zakresu nauk ścisłych, technicznych, medycznych, przyrodniczych oraz humanistycznych i społecznych.</p>
<p>Imprezy festiwalowe odbędą się w Białymstoku, Łomży i Suwałkach. Uczestnicy od kuchni będą mogli poznać miejsca na co dzień niedostępne – laboratoria naukowe i warsztaty pracy naukowców i artystów.</p>
<p>&nbsp;</p>
<p>Decyzją Kolegium Środowiskowego Rektorów Szkół Wyższych funkcję koordynatora objął w tym roku Uniwersytet Medyczny w Białymstoku. Współorganizatorami jest 11 &nbsp;innych uczelni:</p>
<ul>
<li>Uniwersytet w Białymstoku</li>
<li>Politechnika Białostocka</li>
<li>Uniwersytet Muzyczny Fryderyka Chopina Filia w Białymstoku, Wydział Instrumentalno-Pedagogiczny, Edukacji Muzycznej i&nbsp;Wokalistyki</li>
<li>Akademia Teatralna im. A. Zelwerowicza Filia w Białymstoku</li>
<li>Archidiecezjalne Wyższe Seminarium Duchowne</li>
<li>Niepaństwowa Wyższa Szkoła Pedagogiczna</li>
<li>Wyższa Szkoła Ekonomiczna</li>
<li>Wyższa Szkoła Finansów i Zarządzania,</li>
<li>Wyższa Szkoła Medyczna oraz Państwowa</li>
<li>Akademia Nauk Stosowanych w Łomży</li>
<li>Państwowa Uczelnia Zawodowa w Suwałkach.</li>
</ul>
<p>Przyłączyły się do nas także: Białostocki Park Naukowo-Technologiczny oraz Park Naukowo-Technologiczny Polska Wschód w Suwałkach.</p>
<p><strong>Tegoroczny </strong><strong>program przedstawia się następująco:</strong></p>
<p><strong>&nbsp;</strong>07.05.2022 r. – Inauguracja Festiwalu</p>
<p>08.05.2022 r.&nbsp; –Rodziny Piknik Naukowy na Stadionie Miejskim w Białymstoku (w godz. 10-16)</p>
<p>07-13.05.2022 r. – Festiwal na uczelniach &#8211; wykłady, warsztaty, pokazy i eksperymenty naukowe</p>
<p>Tegoroczny Festiwal wsparciem i patronatem objął Minister Edukacji i Nauki, a także Wojewoda Podlaski, Marszałek Województwa Podlaskiego, Podlaski Kurator Oświaty,&nbsp; Prezydent Miasta Białegostoku, Prezydent Miasta Łomży i Prezydent Miasta Suwałki.</p>

<p>Przyszłość należy do wyobraźni! Już po raz osiemnasty podlaskie uczelnie zapraszają wszystkich mieszkańców naszego regionu do udziału w Podlaskim Festiwalu Nauki i Sztuki. To największa, cykliczna impreza&nbsp; w Polsce północno-wschodniej, popularyzująca naukę i sztukę w sposób bardzo przystępny. &nbsp;Skierowana nie tylko do uczniów i studentów, ale też do przedszkolaków i osób starszych. Nie liczy się [&hellip;]</p>
