{"id":187,"date":"2018-02-28T13:29:13","date_gmt":"2018-02-28T13:29:13","guid":{"rendered":"http:\/\/podlaskifestiwal.pl\/podlaskifestiwal-2\/?page_id=187"},"modified":"2018-05-15T08:21:49","modified_gmt":"2018-05-15T08:21:49","slug":"rejestracja","status":"publish","type":"page","link":"https:\/\/podlaskifestiwal.pl\/2018\/rejestracja\/","title":{"rendered":"Rejestracja"},"content":{"rendered":"<p>&nbsp;<\/p>\n<p><strong>ZG\u0141O\u015a GRUP\u0118 NA WYBRANY DZIE\u0143 I GODZIN\u0118*&nbsp;<\/strong><\/p>\n<p>W formularzu zg\u0142oszeniowym&nbsp;pojawi si\u0119 pro\u015bba o wskazanie nazwiska opiekuna oraz liczebno\u015bci grupy, a tak\u017ce daty i godziny, na kt\u00f3r\u0105 planowane jest wej\u015bcie na wydarzenie festiwalowe. Ka\u017cda kolejna grupa powinna zosta\u0107 zg\u0142oszona odr\u0119bnie (nie ma limitu os\u00f3b dla grupy, jednak ka\u017cda powinna mie\u0107 wskazanego opiekuna lub opiekun\u00f3w).<\/p>\n<p>Po wys\u0142aniu formularza rejestracyjnego czekaj na wiadomo\u015b\u0107 e-mailow\u0105 z potwierdzeniem przyj\u0119cia zg\u0142oszenia.<\/p>\n<p>Ze wzgl\u0119d\u00f3w porz\u0105dkowych oraz bezpiecze\u0144stwa zalecamy grupom zorganizowanym (m.in. szko\u0142y, przedszkola)&nbsp;wcze\u015bniejsze przybycie na wybrane wydarzenie. To pozwoli nam zadba\u0107 o w\u0142a\u015bciw\u0105 opiek\u0119 s\u0142u\u017cb informacyjnych w czasie Festiwalu oraz unikni\u0119cie kolejek.&nbsp;<\/p>\n<p>&nbsp;<\/p>\n<p><em>* Dotyczy wst\u0119pu na festiwal grup zorganizowanych (szko\u0142y i przedszkola).<\/em><\/p>\n<p>&nbsp;<\/p>\n","protected":false},"excerpt":{"rendered":"<p>&nbsp; ZG\u0141O\u015a GRUP\u0118 NA WYBRANY DZIE\u0143 I GODZIN\u0118*&nbsp; W formularzu zg\u0142oszeniowym&nbsp;pojawi si\u0119 pro\u015bba o wskazanie nazwiska opiekuna oraz liczebno\u015bci grupy, a tak\u017ce daty i godziny, na kt\u00f3r\u0105 planowane jest wej\u015bcie na wydarzenie festiwalowe. Ka\u017cda kolejna grupa powinna zosta\u0107 zg\u0142oszona odr\u0119bnie (nie ma limitu os\u00f3b dla grupy, jednak ka\u017cda powinna mie\u0107 wskazanego opiekuna lub opiekun\u00f3w). Po [&hellip;]<\/p>\n","protected":false},"author":2,"featured_media":0,"parent":0,"menu_order":2,"comment_status":"closed","ping_status":"closed","template":"page-boxs.php","meta":{"ngg_post_thumbnail":0,"footnotes":""},"class_list":["post-187","page","type-page","status-publish","hentry"],"_links":{"self":[{"href":"https:\/\/podlaskifestiwal.pl\/2018\/wp-json\/wp\/v2\/pages\/187","targetHints":{"allow":["GET"]}}],"collection":[{"href":"https:\/\/podlaskifestiwal.pl\/2018\/wp-json\/wp\/v2\/pages"}],"about":[{"href":"https:\/\/podlaskifestiwal.pl\/2018\/wp-json\/wp\/v2\/types\/page"}],"author":[{"embeddable":true,"href":"https:\/\/podlaskifestiwal.pl\/2018\/wp-json\/wp\/v2\/users\/2"}],"replies":[{"embeddable":true,"href":"https:\/\/podlaskifestiwal.pl\/2018\/wp-json\/wp\/v2\/comments?post=187"}],"version-history":[{"count":51,"href":"https:\/\/podlaskifestiwal.pl\/2018\/wp-json\/wp\/v2\/pages\/187\/revisions"}],"predecessor-version":[{"id":2151,"href":"https:\/\/podlaskifestiwal.pl\/2018\/wp-json\/wp\/v2\/pages\/187\/revisions\/2151"}],"wp:attachment":[{"href":"https:\/\/podlaskifestiwal.pl\/2018\/wp-json\/wp\/v2\/media?parent=187"}],"curies":[{"name":"wp","href":"https:\/\/api.w.org\/{rel}","templated":true}]}}