{"id":16,"date":"2018-02-14T11:16:32","date_gmt":"2018-02-14T11:16:32","guid":{"rendered":"http:\/\/podlaskifestiwal.pl\/podlaskifestiwal-2\/?page_id=16"},"modified":"2018-05-14T13:00:41","modified_gmt":"2018-05-14T13:00:41","slug":"o-festiwalu","status":"publish","type":"page","link":"https:\/\/podlaskifestiwal.pl\/2018\/o-festiwalu\/","title":{"rendered":"O festiwalu"},"content":{"rendered":"<p>&nbsp;<\/p>\n<p>Podlaski Festiwal Nauki i Sztuki jest coroczn\u0105 inicjatyw\u0105 \u015brodowiska akademickiego Bia\u0142egostoku, \u0141om\u017cy i Suwa\u0142k. Wydarzenie obj\u0119li wsparciem i patronatem Minister Nauki i Szkolnictwa Wy\u017cszego, Wojewoda Podlaski, Podlaski Kurator O\u015bwiaty,&nbsp; Prezydent Miasta Bia\u0142egostoku, Prezydent Miasta \u0141om\u017cy i Prezydent Miasta Suwa\u0142k. Dzi\u0119ki temu festiwalowy program obejmuje propozycje a\u017c 14 szk\u00f3\u0142 wy\u017cszych oraz Bia\u0142ostockiego Parku Naukowo-Technologicznego, a tak\u017ce wielu instytucji partnerskich.<\/p>\n<h3>&nbsp;<\/h3>\n<p>&nbsp;<\/p>\n<h3>Wybrane poprzednie edycje<\/h3>\n<p><a href=\"http:\/\/festiwal.wsfiz.edu.pl\/\" target=\"_blank\" rel=\"noopener\" style=\"display:inline-block;margin-bottom: 5px;\"><img loading=\"lazy\" decoding=\"async\" class=\"alignnone size-medium wp-image-387\" src=\"http:\/\/podlaskifestiwal.pl\/wp-content\/uploads\/sites\/2\/2018\/03\/XI_PFNIS-300x61.png\" alt=\"\" width=\"300\" height=\"61\" srcset=\"https:\/\/podlaskifestiwal.pl\/2018\/wp-content\/uploads\/sites\/2\/2018\/03\/XI_PFNIS-300x61.png 300w, https:\/\/podlaskifestiwal.pl\/2018\/wp-content\/uploads\/sites\/2\/2018\/03\/XI_PFNIS.png 369w\" sizes=\"auto, (max-width: 300px) 100vw, 300px\" \/><\/a>&nbsp;<a href=\"http:\/\/festiwal2014.umb.edu.pl\/\" target=\"_blank\" rel=\"noopener\" style=\"display:inline-block;margin-bottom: 5px;\"><img loading=\"lazy\" decoding=\"async\" class=\"alignnone size-medium wp-image-390\" src=\"http:\/\/podlaskifestiwal.pl\/wp-content\/uploads\/sites\/2\/2018\/03\/XII_PFNIS-300x61.png\" alt=\"\" width=\"300\" height=\"61\" srcset=\"https:\/\/podlaskifestiwal.pl\/2018\/wp-content\/uploads\/sites\/2\/2018\/03\/XII_PFNIS-300x61.png 300w, https:\/\/podlaskifestiwal.pl\/2018\/wp-content\/uploads\/sites\/2\/2018\/03\/XII_PFNIS.png 369w\" sizes=\"auto, (max-width: 300px) 100vw, 300px\" \/><\/a> <a href=\"http:\/\/festiwal.pb.edu.pl\/\" target=\"_blank\" rel=\"noopener\" style=\"display:inline-block;margin-bottom: 5px;\"><img loading=\"lazy\" decoding=\"async\" class=\"alignnone size-medium wp-image-388\" src=\"http:\/\/podlaskifestiwal.pl\/wp-content\/uploads\/sites\/2\/2018\/03\/XIII_PFNIS-300x61.png\" alt=\"\" width=\"300\" height=\"61\" srcset=\"https:\/\/podlaskifestiwal.pl\/2018\/wp-content\/uploads\/sites\/2\/2018\/03\/XIII_PFNIS-300x61.png 300w, https:\/\/podlaskifestiwal.pl\/2018\/wp-content\/uploads\/sites\/2\/2018\/03\/XIII_PFNIS.png 369w\" sizes=\"auto, (max-width: 300px) 100vw, 300px\" \/><\/a> <a href=\"http:\/\/www.festiwal.umb.edu.pl\/\" target=\"_blank\" rel=\"noopener\" style=\"display:inline-block;margin-bottom: 5px;\"><img loading=\"lazy\" decoding=\"async\" class=\"alignnone size-medium wp-image-389\" src=\"http:\/\/podlaskifestiwal.pl\/wp-content\/uploads\/sites\/2\/2018\/03\/XV_PFNIS-300x61.png\" alt=\"\" width=\"300\" height=\"61\" srcset=\"https:\/\/podlaskifestiwal.pl\/2018\/wp-content\/uploads\/sites\/2\/2018\/03\/XV_PFNIS-300x61.png 300w, https:\/\/podlaskifestiwal.pl\/2018\/wp-content\/uploads\/sites\/2\/2018\/03\/XV_PFNIS.png 369w\" sizes=\"auto, (max-width: 300px) 100vw, 300px\" \/><\/a><\/p>\n","protected":false},"excerpt":{"rendered":"<p>&nbsp; Podlaski Festiwal Nauki i Sztuki jest coroczn\u0105 inicjatyw\u0105 \u015brodowiska akademickiego Bia\u0142egostoku, \u0141om\u017cy i Suwa\u0142k. Wydarzenie obj\u0119li wsparciem i patronatem Minister Nauki i Szkolnictwa Wy\u017cszego, Wojewoda Podlaski, Podlaski Kurator O\u015bwiaty,&nbsp; Prezydent Miasta Bia\u0142egostoku, Prezydent Miasta \u0141om\u017cy i Prezydent Miasta Suwa\u0142k. Dzi\u0119ki temu festiwalowy program obejmuje propozycje a\u017c 14 szk\u00f3\u0142 wy\u017cszych oraz Bia\u0142ostockiego Parku Naukowo-Technologicznego, a [&hellip;]<\/p>\n","protected":false},"author":1,"featured_media":0,"parent":0,"menu_order":0,"comment_status":"closed","ping_status":"closed","template":"page-boxs.php","meta":{"ngg_post_thumbnail":0,"footnotes":""},"class_list":["post-16","page","type-page","status-publish","hentry"],"_links":{"self":[{"href":"https:\/\/podlaskifestiwal.pl\/2018\/wp-json\/wp\/v2\/pages\/16","targetHints":{"allow":["GET"]}}],"collection":[{"href":"https:\/\/podlaskifestiwal.pl\/2018\/wp-json\/wp\/v2\/pages"}],"about":[{"href":"https:\/\/podlaskifestiwal.pl\/2018\/wp-json\/wp\/v2\/types\/page"}],"author":[{"embeddable":true,"href":"https:\/\/podlaskifestiwal.pl\/2018\/wp-json\/wp\/v2\/users\/1"}],"replies":[{"embeddable":true,"href":"https:\/\/podlaskifestiwal.pl\/2018\/wp-json\/wp\/v2\/comments?post=16"}],"version-history":[{"count":33,"href":"https:\/\/podlaskifestiwal.pl\/2018\/wp-json\/wp\/v2\/pages\/16\/revisions"}],"predecessor-version":[{"id":2144,"href":"https:\/\/podlaskifestiwal.pl\/2018\/wp-json\/wp\/v2\/pages\/16\/revisions\/2144"}],"wp:attachment":[{"href":"https:\/\/podlaskifestiwal.pl\/2018\/wp-json\/wp\/v2\/media?parent=16"}],"curies":[{"name":"wp","href":"https:\/\/api.w.org\/{rel}","templated":true}]}}